{"id":9914,"date":"2025-12-27T17:42:37","date_gmt":"2025-12-27T16:42:37","guid":{"rendered":"https:\/\/www.sanjuandelacruzubeda.com\/events\/a-cantar-maitines-al-cielo-3\/"},"modified":"2025-12-29T14:50:16","modified_gmt":"2025-12-29T13:50:16","slug":"a-cantar-maitines-al-cielo-3","status":"publish","type":"ajde_events","link":"https:\/\/www.sanjuandelacruzubeda.com\/en\/events\/a-cantar-maitines-al-cielo-3\/","title":{"rendered":"A CANTAR MAITINES AL CIELO"},"content":{"rendered":"<p>FECHA<br \/>\n13 de diciembre<\/p>\n<p>El d\u00eda 28 de septiembre de 1591 llega fray Juan de la Cruz al casi reci\u00e9n fundado convento de Carmelitas Descalzos de \u00dabeda, seg\u00fan \u00e9l mismo escribi\u00f3, para \u201ccurar de unas calenturillas\u201d. Aqu\u00ed permanecer\u00e1, en la m\u00e1s pobre celdilla, hasta el momento de su muerte. Es el encuentro definitivo con el Amado, a las 12 de la noche, entre el d\u00eda 13 y 14 de diciembre, cuando \u2014de nuevo en palabras suyas\u2014 march\u00f3 \u201ca cantar maitines al cielo\u201d. Con este t\u00edtulo, cada a\u00f1o desde 1975, esa misma noche y a esa misma hora, la comunidad evoca aquel maravilloso acontecimiento, con la lectura de sus \u00faltimos di\u00e1logos e intercalando sus principales poemas, cantados por el Grupo Polif\u00f3nico San Juan de la Cruz.<\/p>\n<p>Hora de inicio: 11 de la noche<\/p>\n<p>Entrada libre hasta completar el aforo<\/p>\n","protected":false},"author":2,"featured_media":9680,"menu_order":0,"comment_status":"open","ping_status":"closed","template":"","meta":{"_acf_changed":false,"_et_pb_use_builder":"","_et_pb_old_content":"","_et_gb_content_width":""},"tags":[],"event_type":[80],"event_type_2":[75],"class_list":["post-9914","ajde_events","type-ajde_events","status-publish","has-post-thumbnail","hentry","event_location-casa-de-espiritualidad-san-juan-de-la-cruz","event_type-ano-jubilar","event_type_2-insulas-extranas"],"acf":[],"yoast_head":"<!-- This site is optimized with the Yoast SEO plugin v27.5 - https:\/\/yoast.com\/product\/yoast-seo-wordpress\/ -->\n<title>A CANTAR MAITINES AL CIELO - Museo, Casa de espiritualidad y toda la informaci\u00f3n y escritos de - San Juan de la Cruz. \u00dabeda.<\/title>\n<meta name=\"robots\" content=\"index, follow, max-snippet:-1, max-image-preview:large, max-video-preview:-1\" \/>\n<link rel=\"canonical\" href=\"https:\/\/www.sanjuandelacruzubeda.com\/en\/events\/a-cantar-maitines-al-cielo-3\/\" \/>\n<meta property=\"og:locale\" content=\"en_US\" \/>\n<meta property=\"og:type\" content=\"article\" \/>\n<meta property=\"og:title\" content=\"A CANTAR MAITINES AL CIELO - Museo, Casa de espiritualidad y toda la informaci\u00f3n y escritos de - San Juan de la Cruz. \u00dabeda.\" \/>\n<meta property=\"og:description\" content=\"FECHA 13 de diciembre El d\u00eda 28 de septiembre de 1591 llega fray Juan de la Cruz al casi reci\u00e9n fundado convento de Carmelitas Descalzos de \u00dabeda, seg\u00fan \u00e9l mismo escribi\u00f3, para \u201ccurar de unas calenturillas\u201d. Aqu\u00ed permanecer\u00e1, en la m\u00e1s pobre celdilla, hasta el momento de su muerte. Es el encuentro definitivo con el [&hellip;]\" \/>\n<meta property=\"og:url\" content=\"https:\/\/www.sanjuandelacruzubeda.com\/en\/events\/a-cantar-maitines-al-cielo-3\/\" \/>\n<meta property=\"og:site_name\" content=\"Museo, Casa de espiritualidad y toda la informaci\u00f3n y escritos de - San Juan de la Cruz. \u00dabeda.\" \/>\n<meta property=\"article:modified_time\" content=\"2025-12-29T13:50:16+00:00\" \/>\n<meta property=\"og:image\" content=\"https:\/\/www.sanjuandelacruzubeda.com\/wp-content\/uploads\/2024\/11\/maitines-1.jpg\" \/>\n\t<meta property=\"og:image:width\" content=\"1131\" \/>\n\t<meta property=\"og:image:height\" content=\"1600\" \/>\n\t<meta property=\"og:image:type\" content=\"image\/jpeg\" \/>\n<meta name=\"twitter:card\" content=\"summary_large_image\" \/>\n<meta name=\"twitter:label1\" content=\"Est. reading time\" \/>\n\t<meta name=\"twitter:data1\" content=\"1 minute\" \/>\n<script type=\"application\/ld+json\" class=\"yoast-schema-graph\">{\"@context\":\"https:\\\/\\\/schema.org\",\"@graph\":[{\"@type\":\"WebPage\",\"@id\":\"https:\\\/\\\/www.sanjuandelacruzubeda.com\\\/en\\\/events\\\/a-cantar-maitines-al-cielo-3\\\/\",\"url\":\"https:\\\/\\\/www.sanjuandelacruzubeda.com\\\/en\\\/events\\\/a-cantar-maitines-al-cielo-3\\\/\",\"name\":\"A CANTAR MAITINES AL CIELO - Museo, Casa de espiritualidad y toda la informaci\u00f3n y escritos de - San Juan de la Cruz. \u00dabeda.\",\"isPartOf\":{\"@id\":\"https:\\\/\\\/www.sanjuandelacruzubeda.com\\\/en\\\/#website\"},\"primaryImageOfPage\":{\"@id\":\"https:\\\/\\\/www.sanjuandelacruzubeda.com\\\/en\\\/events\\\/a-cantar-maitines-al-cielo-3\\\/#primaryimage\"},\"image\":{\"@id\":\"https:\\\/\\\/www.sanjuandelacruzubeda.com\\\/en\\\/events\\\/a-cantar-maitines-al-cielo-3\\\/#primaryimage\"},\"thumbnailUrl\":\"https:\\\/\\\/www.sanjuandelacruzubeda.com\\\/wp-content\\\/uploads\\\/2024\\\/11\\\/maitines-1.jpg\",\"datePublished\":\"2025-12-27T16:42:37+00:00\",\"dateModified\":\"2025-12-29T13:50:16+00:00\",\"breadcrumb\":{\"@id\":\"https:\\\/\\\/www.sanjuandelacruzubeda.com\\\/en\\\/events\\\/a-cantar-maitines-al-cielo-3\\\/#breadcrumb\"},\"inLanguage\":\"en-US\",\"potentialAction\":[{\"@type\":\"ReadAction\",\"target\":[\"https:\\\/\\\/www.sanjuandelacruzubeda.com\\\/en\\\/events\\\/a-cantar-maitines-al-cielo-3\\\/\"]}]},{\"@type\":\"ImageObject\",\"inLanguage\":\"en-US\",\"@id\":\"https:\\\/\\\/www.sanjuandelacruzubeda.com\\\/en\\\/events\\\/a-cantar-maitines-al-cielo-3\\\/#primaryimage\",\"url\":\"https:\\\/\\\/www.sanjuandelacruzubeda.com\\\/wp-content\\\/uploads\\\/2024\\\/11\\\/maitines-1.jpg\",\"contentUrl\":\"https:\\\/\\\/www.sanjuandelacruzubeda.com\\\/wp-content\\\/uploads\\\/2024\\\/11\\\/maitines-1.jpg\",\"width\":1131,\"height\":1600},{\"@type\":\"BreadcrumbList\",\"@id\":\"https:\\\/\\\/www.sanjuandelacruzubeda.com\\\/en\\\/events\\\/a-cantar-maitines-al-cielo-3\\\/#breadcrumb\",\"itemListElement\":[{\"@type\":\"ListItem\",\"position\":1,\"name\":\"Inicio\",\"item\":\"https:\\\/\\\/www.sanjuandelacruzubeda.com\\\/en\\\/\"},{\"@type\":\"ListItem\",\"position\":2,\"name\":\"Events\",\"item\":\"https:\\\/\\\/www.sanjuandelacruzubeda.com\\\/en\\\/events\\\/\"},{\"@type\":\"ListItem\",\"position\":3,\"name\":\"A CANTAR MAITINES AL CIELO\"}]},{\"@type\":\"WebSite\",\"@id\":\"https:\\\/\\\/www.sanjuandelacruzubeda.com\\\/en\\\/#website\",\"url\":\"https:\\\/\\\/www.sanjuandelacruzubeda.com\\\/en\\\/\",\"name\":\"Museo, Casa de espiritualidad y toda la informaci\u00f3n y escritos de - San Juan de la Cruz. \u00dabeda.\",\"description\":\"\",\"potentialAction\":[{\"@type\":\"SearchAction\",\"target\":{\"@type\":\"EntryPoint\",\"urlTemplate\":\"https:\\\/\\\/www.sanjuandelacruzubeda.com\\\/en\\\/?s={search_term_string}\"},\"query-input\":{\"@type\":\"PropertyValueSpecification\",\"valueRequired\":true,\"valueName\":\"search_term_string\"}}],\"inLanguage\":\"en-US\"}]}<\/script>\n<!-- \/ Yoast SEO plugin. -->","yoast_head_json":{"title":"A CANTAR MAITINES AL CIELO - Museo, Casa de espiritualidad y toda la informaci\u00f3n y escritos de - San Juan de la Cruz. \u00dabeda.","robots":{"index":"index","follow":"follow","max-snippet":"max-snippet:-1","max-image-preview":"max-image-preview:large","max-video-preview":"max-video-preview:-1"},"canonical":"https:\/\/www.sanjuandelacruzubeda.com\/en\/events\/a-cantar-maitines-al-cielo-3\/","og_locale":"en_US","og_type":"article","og_title":"A CANTAR MAITINES AL CIELO - Museo, Casa de espiritualidad y toda la informaci\u00f3n y escritos de - San Juan de la Cruz. \u00dabeda.","og_description":"FECHA 13 de diciembre El d\u00eda 28 de septiembre de 1591 llega fray Juan de la Cruz al casi reci\u00e9n fundado convento de Carmelitas Descalzos de \u00dabeda, seg\u00fan \u00e9l mismo escribi\u00f3, para \u201ccurar de unas calenturillas\u201d. Aqu\u00ed permanecer\u00e1, en la m\u00e1s pobre celdilla, hasta el momento de su muerte. Es el encuentro definitivo con el [&hellip;]","og_url":"https:\/\/www.sanjuandelacruzubeda.com\/en\/events\/a-cantar-maitines-al-cielo-3\/","og_site_name":"Museo, Casa de espiritualidad y toda la informaci\u00f3n y escritos de - San Juan de la Cruz. \u00dabeda.","article_modified_time":"2025-12-29T13:50:16+00:00","og_image":[{"width":1131,"height":1600,"url":"https:\/\/www.sanjuandelacruzubeda.com\/wp-content\/uploads\/2024\/11\/maitines-1.jpg","type":"image\/jpeg"}],"twitter_card":"summary_large_image","twitter_misc":{"Est. reading time":"1 minute"},"schema":{"@context":"https:\/\/schema.org","@graph":[{"@type":"WebPage","@id":"https:\/\/www.sanjuandelacruzubeda.com\/en\/events\/a-cantar-maitines-al-cielo-3\/","url":"https:\/\/www.sanjuandelacruzubeda.com\/en\/events\/a-cantar-maitines-al-cielo-3\/","name":"A CANTAR MAITINES AL CIELO - Museo, Casa de espiritualidad y toda la informaci\u00f3n y escritos de - San Juan de la Cruz. \u00dabeda.","isPartOf":{"@id":"https:\/\/www.sanjuandelacruzubeda.com\/en\/#website"},"primaryImageOfPage":{"@id":"https:\/\/www.sanjuandelacruzubeda.com\/en\/events\/a-cantar-maitines-al-cielo-3\/#primaryimage"},"image":{"@id":"https:\/\/www.sanjuandelacruzubeda.com\/en\/events\/a-cantar-maitines-al-cielo-3\/#primaryimage"},"thumbnailUrl":"https:\/\/www.sanjuandelacruzubeda.com\/wp-content\/uploads\/2024\/11\/maitines-1.jpg","datePublished":"2025-12-27T16:42:37+00:00","dateModified":"2025-12-29T13:50:16+00:00","breadcrumb":{"@id":"https:\/\/www.sanjuandelacruzubeda.com\/en\/events\/a-cantar-maitines-al-cielo-3\/#breadcrumb"},"inLanguage":"en-US","potentialAction":[{"@type":"ReadAction","target":["https:\/\/www.sanjuandelacruzubeda.com\/en\/events\/a-cantar-maitines-al-cielo-3\/"]}]},{"@type":"ImageObject","inLanguage":"en-US","@id":"https:\/\/www.sanjuandelacruzubeda.com\/en\/events\/a-cantar-maitines-al-cielo-3\/#primaryimage","url":"https:\/\/www.sanjuandelacruzubeda.com\/wp-content\/uploads\/2024\/11\/maitines-1.jpg","contentUrl":"https:\/\/www.sanjuandelacruzubeda.com\/wp-content\/uploads\/2024\/11\/maitines-1.jpg","width":1131,"height":1600},{"@type":"BreadcrumbList","@id":"https:\/\/www.sanjuandelacruzubeda.com\/en\/events\/a-cantar-maitines-al-cielo-3\/#breadcrumb","itemListElement":[{"@type":"ListItem","position":1,"name":"Inicio","item":"https:\/\/www.sanjuandelacruzubeda.com\/en\/"},{"@type":"ListItem","position":2,"name":"Events","item":"https:\/\/www.sanjuandelacruzubeda.com\/en\/events\/"},{"@type":"ListItem","position":3,"name":"A CANTAR MAITINES AL CIELO"}]},{"@type":"WebSite","@id":"https:\/\/www.sanjuandelacruzubeda.com\/en\/#website","url":"https:\/\/www.sanjuandelacruzubeda.com\/en\/","name":"Museo, Casa de espiritualidad y toda la informaci\u00f3n y escritos de - San Juan de la Cruz. \u00dabeda.","description":"","potentialAction":[{"@type":"SearchAction","target":{"@type":"EntryPoint","urlTemplate":"https:\/\/www.sanjuandelacruzubeda.com\/en\/?s={search_term_string}"},"query-input":{"@type":"PropertyValueSpecification","valueRequired":true,"valueName":"search_term_string"}}],"inLanguage":"en-US"}]}},"_links":{"self":[{"href":"https:\/\/www.sanjuandelacruzubeda.com\/en\/wp-json\/wp\/v2\/ajde_events\/9914","targetHints":{"allow":["GET"]}}],"collection":[{"href":"https:\/\/www.sanjuandelacruzubeda.com\/en\/wp-json\/wp\/v2\/ajde_events"}],"about":[{"href":"https:\/\/www.sanjuandelacruzubeda.com\/en\/wp-json\/wp\/v2\/types\/ajde_events"}],"author":[{"embeddable":true,"href":"https:\/\/www.sanjuandelacruzubeda.com\/en\/wp-json\/wp\/v2\/users\/2"}],"replies":[{"embeddable":true,"href":"https:\/\/www.sanjuandelacruzubeda.com\/en\/wp-json\/wp\/v2\/comments?post=9914"}],"wp:featuredmedia":[{"embeddable":true,"href":"https:\/\/www.sanjuandelacruzubeda.com\/en\/wp-json\/wp\/v2\/media\/9680"}],"wp:attachment":[{"href":"https:\/\/www.sanjuandelacruzubeda.com\/en\/wp-json\/wp\/v2\/media?parent=9914"}],"wp:term":[{"taxonomy":"post_tag","embeddable":true,"href":"https:\/\/www.sanjuandelacruzubeda.com\/en\/wp-json\/wp\/v2\/tags?post=9914"},{"taxonomy":"event_type","embeddable":true,"href":"https:\/\/www.sanjuandelacruzubeda.com\/en\/wp-json\/wp\/v2\/event_type?post=9914"},{"taxonomy":"event_type_2","embeddable":true,"href":"https:\/\/www.sanjuandelacruzubeda.com\/en\/wp-json\/wp\/v2\/event_type_2?post=9914"}],"curies":[{"name":"wp","href":"https:\/\/api.w.org\/{rel}","templated":true}]}}

<p>FECHA<br />
13 de diciembre</p>
<p>El día 28 de septiembre de 1591 llega fray Juan de la Cruz al casi recién fundado convento de Carmelitas Descalzos de Úbeda, según él mismo escribió, para “curar de unas calenturillas”. Aquí permanecerá, en la más pobre celdilla, hasta el momento de su muerte. Es el encuentro definitivo con el Amado, a las 12 de la noche, entre el día 13 y 14 de diciembre, cuando —de nuevo en palabras suyas— marchó “a cantar maitines al cielo”. Con este título, cada año desde 1975, esa misma noche y a esa misma hora, la comunidad evoca aquel maravilloso acontecimiento, con la lectura de sus últimos diálogos e intercalando sus principales poemas, cantados por el Grupo Polifónico San Juan de la Cruz.</p>
<p>Hora de inicio: 11 de la noche</p>
<p>Entrada libre hasta completar el aforo</p>

<!-- This site is optimized with the Yoast SEO plugin v27.5 - https://yoast.com/product/yoast-seo-wordpress/ -->
<title>A CANTAR MAITINES AL CIELO - Museo, Casa de espiritualidad y toda la información y escritos de - San Juan de la Cruz. Úbeda.</title>
<meta name="robots" content="index, follow, max-snippet:-1, max-image-preview:large, max-video-preview:-1" />
<link rel="canonical" href="https://www.sanjuandelacruzubeda.com/en/events/a-cantar-maitines-al-cielo-3/" />
<meta property="og:locale" content="en_US" />
<meta property="og:type" content="article" />
<meta property="og:title" content="A CANTAR MAITINES AL CIELO - Museo, Casa de espiritualidad y toda la información y escritos de - San Juan de la Cruz. Úbeda." />
<meta property="og:description" content="FECHA 13 de diciembre El día 28 de septiembre de 1591 llega fray Juan de la Cruz al casi recién fundado convento de Carmelitas Descalzos de Úbeda, según él mismo escribió, para “curar de unas calenturillas”. Aquí permanecerá, en la más pobre celdilla, hasta el momento de su muerte. Es el encuentro definitivo con el [&hellip;]" />
<meta property="og:url" content="https://www.sanjuandelacruzubeda.com/en/events/a-cantar-maitines-al-cielo-3/" />
<meta property="og:site_name" content="Museo, Casa de espiritualidad y toda la información y escritos de - San Juan de la Cruz. Úbeda." />
<meta property="article:modified_time" content="2025-12-29T13:50:16+00:00" />
<meta property="og:image" content="https://www.sanjuandelacruzubeda.com/wp-content/uploads/2024/11/maitines-1.jpg" />
	<meta property="og:image:width" content="1131" />
	<meta property="og:image:height" content="1600" />
	<meta property="og:image:type" content="image/jpeg" />
<meta name="twitter:card" content="summary_large_image" />
<meta name="twitter:label1" content="Est. reading time" />
	<meta name="twitter:data1" content="1 minute" />
<script type="application/ld+json" class="yoast-schema-graph">{"@context":"https:\/\/schema.org","@graph":[{"@type":"WebPage","@id":"https:\/\/www.sanjuandelacruzubeda.com\/en\/events\/a-cantar-maitines-al-cielo-3\/","url":"https:\/\/www.sanjuandelacruzubeda.com\/en\/events\/a-cantar-maitines-al-cielo-3\/","name":"A CANTAR MAITINES AL CIELO - Museo, Casa de espiritualidad y toda la información y escritos de - San Juan de la Cruz. Úbeda.","isPartOf":{"@id":"https:\/\/www.sanjuandelacruzubeda.com\/en\/#website"},"primaryImageOfPage":{"@id":"https:\/\/www.sanjuandelacruzubeda.com\/en\/events\/a-cantar-maitines-al-cielo-3\/#primaryimage"},"image":{"@id":"https:\/\/www.sanjuandelacruzubeda.com\/en\/events\/a-cantar-maitines-al-cielo-3\/#primaryimage"},"thumbnailUrl":"https:\/\/www.sanjuandelacruzubeda.com\/wp-content\/uploads\/2024\/11\/maitines-1.jpg","datePublished":"2025-12-27T16:42:37+00:00","dateModified":"2025-12-29T13:50:16+00:00","breadcrumb":{"@id":"https:\/\/www.sanjuandelacruzubeda.com\/en\/events\/a-cantar-maitines-al-cielo-3\/#breadcrumb"},"inLanguage":"en-US","potentialAction":[{"@type":"ReadAction","target":["https:\/\/www.sanjuandelacruzubeda.com\/en\/events\/a-cantar-maitines-al-cielo-3\/"]}]},{"@type":"ImageObject","inLanguage":"en-US","@id":"https:\/\/www.sanjuandelacruzubeda.com\/en\/events\/a-cantar-maitines-al-cielo-3\/#primaryimage","url":"https:\/\/www.sanjuandelacruzubeda.com\/wp-content\/uploads\/2024\/11\/maitines-1.jpg","contentUrl":"https:\/\/www.sanjuandelacruzubeda.com\/wp-content\/uploads\/2024\/11\/maitines-1.jpg","width":1131,"height":1600},{"@type":"BreadcrumbList","@id":"https:\/\/www.sanjuandelacruzubeda.com\/en\/events\/a-cantar-maitines-al-cielo-3\/#breadcrumb","itemListElement":[{"@type":"ListItem","position":1,"name":"Inicio","item":"https:\/\/www.sanjuandelacruzubeda.com\/en\/"},{"@type":"ListItem","position":2,"name":"Events","item":"https:\/\/www.sanjuandelacruzubeda.com\/en\/events\/"},{"@type":"ListItem","position":3,"name":"A CANTAR MAITINES AL CIELO"}]},{"@type":"WebSite","@id":"https:\/\/www.sanjuandelacruzubeda.com\/en\/#website","url":"https:\/\/www.sanjuandelacruzubeda.com\/en\/","name":"Museo, Casa de espiritualidad y toda la información y escritos de - San Juan de la Cruz. Úbeda.","description":"","potentialAction":[{"@type":"SearchAction","target":{"@type":"EntryPoint","urlTemplate":"https:\/\/www.sanjuandelacruzubeda.com\/en\/?s={search_term_string}"},"query-input":{"@type":"PropertyValueSpecification","valueRequired":true,"valueName":"search_term_string"}}],"inLanguage":"en-US"}]}</script>
<!-- / Yoast SEO plugin. -->

A CANTAR MAITINES AL CIELO - Museo, Casa de espiritualidad y toda la información y escritos de - San Juan de la Cruz. Úbeda.

FECHA 13 de diciembre El día 28 de septiembre de 1591 llega fray Juan de la Cruz al casi recién fundado convento de Carmelitas Descalzos de Úbeda, según él mismo escribió, para “curar de unas calenturillas”. Aquí permanecerá, en la más pobre celdilla, hasta el momento de su muerte. Es el encuentro definitivo con el [&hellip;]

Museo, Casa de espiritualidad y toda la información y escritos de - San Juan de la Cruz. Úbeda.
