{"id":9893,"date":"2025-12-27T10:16:33","date_gmt":"2025-12-27T09:16:33","guid":{"rendered":"https:\/\/www.sanjuandelacruzubeda.com\/?post_type=ajde_events&#038;p=9893"},"modified":"2025-12-27T10:16:33","modified_gmt":"2025-12-27T09:16:33","slug":"retiro-baeza-5","status":"publish","type":"ajde_events","link":"https:\/\/www.sanjuandelacruzubeda.com\/en\/events\/retiro-baeza-5\/","title":{"rendered":"Retiro Baeza"},"content":{"rendered":"<p>Tema: ficha 4 de San Juan de la Cruz: www.new.carmelitaniscalzi.com\/es\/categoria_documenti\/lectura-y-reflexion\/<\/p>\n<p>Horario y din\u00e1mica<br \/>\n18:30 Charla y puntos de meditaci\u00f3n<br \/>\n19:15 Exposici\u00f3n del Sant\u00edsimo y tiempo para la oraci\u00f3n personal<br \/>\n20:00 Rezo del santo rosario<br \/>\n20:30 Celebraci\u00f3n de la Eucarist\u00eda<\/p>\n<p>Acompa\u00f1an los carmelitas descalzos:<br \/>\nFray Francisco V\u00edctor L\u00f3pez Fern\u00e1ndez y Fray Antonio \u00c1ngel S\u00e1nchez Cabezas<\/p>\n<p>Entrada libre hasta completar el aforo<\/p>\n","protected":false},"author":2,"featured_media":-1,"menu_order":0,"comment_status":"closed","ping_status":"closed","template":"","meta":{"_acf_changed":false,"_et_pb_use_builder":"","_et_pb_old_content":"","_et_gb_content_width":""},"tags":[],"event_type":[80],"event_type_2":[],"class_list":["post-9893","ajde_events","type-ajde_events","status-publish","has-post-thumbnail","hentry","event_location-iglesia-de-la-concepcion-carmelitas-descalzos","event_type-ano-jubilar"],"acf":[],"yoast_head":"<!-- This site is optimized with the Yoast SEO plugin v27.5 - https:\/\/yoast.com\/product\/yoast-seo-wordpress\/ -->\n<title>Retiro Baeza - Museo, Casa de espiritualidad y toda la informaci\u00f3n y escritos de - San Juan de la Cruz. \u00dabeda.<\/title>\n<meta name=\"robots\" content=\"index, follow, max-snippet:-1, max-image-preview:large, max-video-preview:-1\" \/>\n<link rel=\"canonical\" href=\"https:\/\/www.sanjuandelacruzubeda.com\/en\/events\/retiro-baeza-5\/\" \/>\n<meta property=\"og:locale\" content=\"en_US\" \/>\n<meta property=\"og:type\" content=\"article\" \/>\n<meta property=\"og:title\" content=\"Retiro Baeza - Museo, Casa de espiritualidad y toda la informaci\u00f3n y escritos de - San Juan de la Cruz. \u00dabeda.\" \/>\n<meta property=\"og:description\" content=\"Tema: ficha 4 de San Juan de la Cruz: www.new.carmelitaniscalzi.com\/es\/categoria_documenti\/lectura-y-reflexion\/ Horario y din\u00e1mica 18:30 Charla y puntos de meditaci\u00f3n 19:15 Exposici\u00f3n del Sant\u00edsimo y tiempo para la oraci\u00f3n personal 20:00 Rezo del santo rosario 20:30 Celebraci\u00f3n de la Eucarist\u00eda Acompa\u00f1an los carmelitas descalzos: Fray Francisco V\u00edctor L\u00f3pez Fern\u00e1ndez y Fray Antonio \u00c1ngel S\u00e1nchez Cabezas Entrada [&hellip;]\" \/>\n<meta property=\"og:url\" content=\"https:\/\/www.sanjuandelacruzubeda.com\/en\/events\/retiro-baeza-5\/\" \/>\n<meta property=\"og:site_name\" content=\"Museo, Casa de espiritualidad y toda la informaci\u00f3n y escritos de - San Juan de la Cruz. \u00dabeda.\" \/>\n<meta name=\"twitter:card\" content=\"summary_large_image\" \/>\n<script type=\"application\/ld+json\" class=\"yoast-schema-graph\">{\"@context\":\"https:\\\/\\\/schema.org\",\"@graph\":[{\"@type\":\"WebPage\",\"@id\":\"https:\\\/\\\/www.sanjuandelacruzubeda.com\\\/en\\\/events\\\/retiro-baeza-5\\\/\",\"url\":\"https:\\\/\\\/www.sanjuandelacruzubeda.com\\\/en\\\/events\\\/retiro-baeza-5\\\/\",\"name\":\"Retiro Baeza - Museo, Casa de espiritualidad y toda la informaci\u00f3n y escritos de - San Juan de la Cruz. \u00dabeda.\",\"isPartOf\":{\"@id\":\"https:\\\/\\\/www.sanjuandelacruzubeda.com\\\/en\\\/#website\"},\"datePublished\":\"2025-12-27T09:16:33+00:00\",\"breadcrumb\":{\"@id\":\"https:\\\/\\\/www.sanjuandelacruzubeda.com\\\/en\\\/events\\\/retiro-baeza-5\\\/#breadcrumb\"},\"inLanguage\":\"en-US\",\"potentialAction\":[{\"@type\":\"ReadAction\",\"target\":[\"https:\\\/\\\/www.sanjuandelacruzubeda.com\\\/en\\\/events\\\/retiro-baeza-5\\\/\"]}]},{\"@type\":\"BreadcrumbList\",\"@id\":\"https:\\\/\\\/www.sanjuandelacruzubeda.com\\\/en\\\/events\\\/retiro-baeza-5\\\/#breadcrumb\",\"itemListElement\":[{\"@type\":\"ListItem\",\"position\":1,\"name\":\"Inicio\",\"item\":\"https:\\\/\\\/www.sanjuandelacruzubeda.com\\\/en\\\/\"},{\"@type\":\"ListItem\",\"position\":2,\"name\":\"Events\",\"item\":\"https:\\\/\\\/www.sanjuandelacruzubeda.com\\\/en\\\/events\\\/\"},{\"@type\":\"ListItem\",\"position\":3,\"name\":\"Retiro Baeza\"}]},{\"@type\":\"WebSite\",\"@id\":\"https:\\\/\\\/www.sanjuandelacruzubeda.com\\\/en\\\/#website\",\"url\":\"https:\\\/\\\/www.sanjuandelacruzubeda.com\\\/en\\\/\",\"name\":\"Museo, Casa de espiritualidad y toda la informaci\u00f3n y escritos de - San Juan de la Cruz. \u00dabeda.\",\"description\":\"\",\"potentialAction\":[{\"@type\":\"SearchAction\",\"target\":{\"@type\":\"EntryPoint\",\"urlTemplate\":\"https:\\\/\\\/www.sanjuandelacruzubeda.com\\\/en\\\/?s={search_term_string}\"},\"query-input\":{\"@type\":\"PropertyValueSpecification\",\"valueRequired\":true,\"valueName\":\"search_term_string\"}}],\"inLanguage\":\"en-US\"}]}<\/script>\n<!-- \/ Yoast SEO plugin. -->","yoast_head_json":{"title":"Retiro Baeza - Museo, Casa de espiritualidad y toda la informaci\u00f3n y escritos de - San Juan de la Cruz. \u00dabeda.","robots":{"index":"index","follow":"follow","max-snippet":"max-snippet:-1","max-image-preview":"max-image-preview:large","max-video-preview":"max-video-preview:-1"},"canonical":"https:\/\/www.sanjuandelacruzubeda.com\/en\/events\/retiro-baeza-5\/","og_locale":"en_US","og_type":"article","og_title":"Retiro Baeza - Museo, Casa de espiritualidad y toda la informaci\u00f3n y escritos de - San Juan de la Cruz. \u00dabeda.","og_description":"Tema: ficha 4 de San Juan de la Cruz: www.new.carmelitaniscalzi.com\/es\/categoria_documenti\/lectura-y-reflexion\/ Horario y din\u00e1mica 18:30 Charla y puntos de meditaci\u00f3n 19:15 Exposici\u00f3n del Sant\u00edsimo y tiempo para la oraci\u00f3n personal 20:00 Rezo del santo rosario 20:30 Celebraci\u00f3n de la Eucarist\u00eda Acompa\u00f1an los carmelitas descalzos: Fray Francisco V\u00edctor L\u00f3pez Fern\u00e1ndez y Fray Antonio \u00c1ngel S\u00e1nchez Cabezas Entrada [&hellip;]","og_url":"https:\/\/www.sanjuandelacruzubeda.com\/en\/events\/retiro-baeza-5\/","og_site_name":"Museo, Casa de espiritualidad y toda la informaci\u00f3n y escritos de - San Juan de la Cruz. \u00dabeda.","twitter_card":"summary_large_image","schema":{"@context":"https:\/\/schema.org","@graph":[{"@type":"WebPage","@id":"https:\/\/www.sanjuandelacruzubeda.com\/en\/events\/retiro-baeza-5\/","url":"https:\/\/www.sanjuandelacruzubeda.com\/en\/events\/retiro-baeza-5\/","name":"Retiro Baeza - Museo, Casa de espiritualidad y toda la informaci\u00f3n y escritos de - San Juan de la Cruz. \u00dabeda.","isPartOf":{"@id":"https:\/\/www.sanjuandelacruzubeda.com\/en\/#website"},"datePublished":"2025-12-27T09:16:33+00:00","breadcrumb":{"@id":"https:\/\/www.sanjuandelacruzubeda.com\/en\/events\/retiro-baeza-5\/#breadcrumb"},"inLanguage":"en-US","potentialAction":[{"@type":"ReadAction","target":["https:\/\/www.sanjuandelacruzubeda.com\/en\/events\/retiro-baeza-5\/"]}]},{"@type":"BreadcrumbList","@id":"https:\/\/www.sanjuandelacruzubeda.com\/en\/events\/retiro-baeza-5\/#breadcrumb","itemListElement":[{"@type":"ListItem","position":1,"name":"Inicio","item":"https:\/\/www.sanjuandelacruzubeda.com\/en\/"},{"@type":"ListItem","position":2,"name":"Events","item":"https:\/\/www.sanjuandelacruzubeda.com\/en\/events\/"},{"@type":"ListItem","position":3,"name":"Retiro Baeza"}]},{"@type":"WebSite","@id":"https:\/\/www.sanjuandelacruzubeda.com\/en\/#website","url":"https:\/\/www.sanjuandelacruzubeda.com\/en\/","name":"Museo, Casa de espiritualidad y toda la informaci\u00f3n y escritos de - San Juan de la Cruz. \u00dabeda.","description":"","potentialAction":[{"@type":"SearchAction","target":{"@type":"EntryPoint","urlTemplate":"https:\/\/www.sanjuandelacruzubeda.com\/en\/?s={search_term_string}"},"query-input":{"@type":"PropertyValueSpecification","valueRequired":true,"valueName":"search_term_string"}}],"inLanguage":"en-US"}]}},"_links":{"self":[{"href":"https:\/\/www.sanjuandelacruzubeda.com\/en\/wp-json\/wp\/v2\/ajde_events\/9893","targetHints":{"allow":["GET"]}}],"collection":[{"href":"https:\/\/www.sanjuandelacruzubeda.com\/en\/wp-json\/wp\/v2\/ajde_events"}],"about":[{"href":"https:\/\/www.sanjuandelacruzubeda.com\/en\/wp-json\/wp\/v2\/types\/ajde_events"}],"author":[{"embeddable":true,"href":"https:\/\/www.sanjuandelacruzubeda.com\/en\/wp-json\/wp\/v2\/users\/2"}],"replies":[{"embeddable":true,"href":"https:\/\/www.sanjuandelacruzubeda.com\/en\/wp-json\/wp\/v2\/comments?post=9893"}],"wp:featuredmedia":[{"embeddable":true,"href":"https:\/\/www.sanjuandelacruzubeda.com\/en\/wp-json\/"}],"wp:attachment":[{"href":"https:\/\/www.sanjuandelacruzubeda.com\/en\/wp-json\/wp\/v2\/media?parent=9893"}],"wp:term":[{"taxonomy":"post_tag","embeddable":true,"href":"https:\/\/www.sanjuandelacruzubeda.com\/en\/wp-json\/wp\/v2\/tags?post=9893"},{"taxonomy":"event_type","embeddable":true,"href":"https:\/\/www.sanjuandelacruzubeda.com\/en\/wp-json\/wp\/v2\/event_type?post=9893"},{"taxonomy":"event_type_2","embeddable":true,"href":"https:\/\/www.sanjuandelacruzubeda.com\/en\/wp-json\/wp\/v2\/event_type_2?post=9893"}],"curies":[{"name":"wp","href":"https:\/\/api.w.org\/{rel}","templated":true}]}}

<p>Tema: ficha 4 de San Juan de la Cruz: www.new.carmelitaniscalzi.com/es/categoria_documenti/lectura-y-reflexion/</p>
<p>Horario y dinámica<br />
18:30 Charla y puntos de meditación<br />
19:15 Exposición del Santísimo y tiempo para la oración personal<br />
20:00 Rezo del santo rosario<br />
20:30 Celebración de la Eucaristía</p>
<p>Acompañan los carmelitas descalzos:<br />
Fray Francisco Víctor López Fernández y Fray Antonio Ángel Sánchez Cabezas</p>
<p>Entrada libre hasta completar el aforo</p>

<!-- This site is optimized with the Yoast SEO plugin v27.5 - https://yoast.com/product/yoast-seo-wordpress/ -->
<title>Retiro Baeza - Museo, Casa de espiritualidad y toda la información y escritos de - San Juan de la Cruz. Úbeda.</title>
<meta name="robots" content="index, follow, max-snippet:-1, max-image-preview:large, max-video-preview:-1" />
<link rel="canonical" href="https://www.sanjuandelacruzubeda.com/en/events/retiro-baeza-5/" />
<meta property="og:locale" content="en_US" />
<meta property="og:type" content="article" />
<meta property="og:title" content="Retiro Baeza - Museo, Casa de espiritualidad y toda la información y escritos de - San Juan de la Cruz. Úbeda." />
<meta property="og:description" content="Tema: ficha 4 de San Juan de la Cruz: www.new.carmelitaniscalzi.com/es/categoria_documenti/lectura-y-reflexion/ Horario y dinámica 18:30 Charla y puntos de meditación 19:15 Exposición del Santísimo y tiempo para la oración personal 20:00 Rezo del santo rosario 20:30 Celebración de la Eucaristía Acompañan los carmelitas descalzos: Fray Francisco Víctor López Fernández y Fray Antonio Ángel Sánchez Cabezas Entrada [&hellip;]" />
<meta property="og:url" content="https://www.sanjuandelacruzubeda.com/en/events/retiro-baeza-5/" />
<meta property="og:site_name" content="Museo, Casa de espiritualidad y toda la información y escritos de - San Juan de la Cruz. Úbeda." />
<meta name="twitter:card" content="summary_large_image" />
<script type="application/ld+json" class="yoast-schema-graph">{"@context":"https:\/\/schema.org","@graph":[{"@type":"WebPage","@id":"https:\/\/www.sanjuandelacruzubeda.com\/en\/events\/retiro-baeza-5\/","url":"https:\/\/www.sanjuandelacruzubeda.com\/en\/events\/retiro-baeza-5\/","name":"Retiro Baeza - Museo, Casa de espiritualidad y toda la información y escritos de - San Juan de la Cruz. Úbeda.","isPartOf":{"@id":"https:\/\/www.sanjuandelacruzubeda.com\/en\/#website"},"datePublished":"2025-12-27T09:16:33+00:00","breadcrumb":{"@id":"https:\/\/www.sanjuandelacruzubeda.com\/en\/events\/retiro-baeza-5\/#breadcrumb"},"inLanguage":"en-US","potentialAction":[{"@type":"ReadAction","target":["https:\/\/www.sanjuandelacruzubeda.com\/en\/events\/retiro-baeza-5\/"]}]},{"@type":"BreadcrumbList","@id":"https:\/\/www.sanjuandelacruzubeda.com\/en\/events\/retiro-baeza-5\/#breadcrumb","itemListElement":[{"@type":"ListItem","position":1,"name":"Inicio","item":"https:\/\/www.sanjuandelacruzubeda.com\/en\/"},{"@type":"ListItem","position":2,"name":"Events","item":"https:\/\/www.sanjuandelacruzubeda.com\/en\/events\/"},{"@type":"ListItem","position":3,"name":"Retiro Baeza"}]},{"@type":"WebSite","@id":"https:\/\/www.sanjuandelacruzubeda.com\/en\/#website","url":"https:\/\/www.sanjuandelacruzubeda.com\/en\/","name":"Museo, Casa de espiritualidad y toda la información y escritos de - San Juan de la Cruz. Úbeda.","description":"","potentialAction":[{"@type":"SearchAction","target":{"@type":"EntryPoint","urlTemplate":"https:\/\/www.sanjuandelacruzubeda.com\/en\/?s={search_term_string}"},"query-input":{"@type":"PropertyValueSpecification","valueRequired":true,"valueName":"search_term_string"}}],"inLanguage":"en-US"}]}</script>
<!-- / Yoast SEO plugin. -->

Retiro Baeza - Museo, Casa de espiritualidad y toda la información y escritos de - San Juan de la Cruz. Úbeda.

Tema: ficha 4 de San Juan de la Cruz: www.new.carmelitaniscalzi.com/es/categoria_documenti/lectura-y-reflexion/ Horario y dinámica 18:30 Charla y puntos de meditación 19:15 Exposición del Santísimo y tiempo para la oración personal 20:00 Rezo del santo rosario 20:30 Celebración de la Eucaristía Acompañan los carmelitas descalzos: Fray Francisco Víctor López Fernández y Fray Antonio Ángel Sánchez Cabezas Entrada [&hellip;]

Museo, Casa de espiritualidad y toda la información y escritos de - San Juan de la Cruz. Úbeda.
