{"id":9889,"date":"2025-12-27T09:56:22","date_gmt":"2025-12-27T08:56:22","guid":{"rendered":"https:\/\/www.sanjuandelacruzubeda.com\/?post_type=ajde_events&#038;p=9889"},"modified":"2025-12-27T09:56:22","modified_gmt":"2025-12-27T08:56:22","slug":"la-llamada-del-corazon-el-corazon-colmado","status":"publish","type":"ajde_events","link":"https:\/\/www.sanjuandelacruzubeda.com\/en\/events\/la-llamada-del-corazon-el-corazon-colmado\/","title":{"rendered":"La llamada del coraz\u00f3n: el coraz\u00f3n colmado"},"content":{"rendered":"<p>Ciclo o espacio general: El despertar de la cris\u00e1lida<\/p>\n<p>Experiencia en r\u00e9gimen de silencio para hacer posible el encuentro con el Ser profundo que somos y facilitar el crecimiento de la conciencia de Presencia en cada acto cotidiano.<\/p>\n<p>Consta de meditaciones silenciosas, paseos meditativos, ejercicios corporales que ayudan al silenciamiento del cuerpo, charlas y la profundizaci\u00f3n en lo que es la experiencia de la contemplaci\u00f3n, como uno de los movimientos necesarios para experimentar la Vida.<\/p>\n<p>\u201cEl silencio hace del coraz\u00f3n un lugar de revelaci\u00f3n\u201d (Padre Moratiel)<\/p>\n<p>Acompa\u00f1a: Magdalena Rodr\u00edguez Mart\u00ednez<br \/>\nCentro Kairos\u2013Psicoterapia: https:\/\/www.centro-kairos.com\/<\/p>\n<p>Inscripciones: mrodriguezmartinez63@gmail.com \/ 658 88 25 46<\/p>\n<p>Hay que llegar antes de las 18 horas del viernes y se finaliza tras el almuerzo del domingo<\/p>\n<p>Matr\u00edcula: 150 \u20ac<\/p>\n","protected":false},"author":2,"featured_media":-1,"menu_order":0,"comment_status":"closed","ping_status":"closed","template":"","meta":{"_acf_changed":false,"_et_pb_use_builder":"","_et_pb_old_content":"","_et_gb_content_width":""},"tags":[],"event_type":[72],"event_type_2":[],"class_list":["post-9889","ajde_events","type-ajde_events","status-publish","has-post-thumbnail","hentry","event_location-casa-de-espiritualidad-san-juan-de-la-cruz","event_type-actividades-no-organizadas-por-nosotros"],"acf":[],"yoast_head":"<!-- This site is optimized with the Yoast SEO plugin v27.5 - https:\/\/yoast.com\/product\/yoast-seo-wordpress\/ -->\n<title>La llamada del coraz\u00f3n: el coraz\u00f3n colmado - Museo, Casa de espiritualidad y toda la informaci\u00f3n y escritos de - San Juan de la Cruz. \u00dabeda.<\/title>\n<meta name=\"robots\" content=\"index, follow, max-snippet:-1, max-image-preview:large, max-video-preview:-1\" \/>\n<link rel=\"canonical\" href=\"https:\/\/www.sanjuandelacruzubeda.com\/en\/events\/la-llamada-del-corazon-el-corazon-colmado\/\" \/>\n<meta property=\"og:locale\" content=\"en_US\" \/>\n<meta property=\"og:type\" content=\"article\" \/>\n<meta property=\"og:title\" content=\"La llamada del coraz\u00f3n: el coraz\u00f3n colmado - Museo, Casa de espiritualidad y toda la informaci\u00f3n y escritos de - San Juan de la Cruz. \u00dabeda.\" \/>\n<meta property=\"og:description\" content=\"Ciclo o espacio general: El despertar de la cris\u00e1lida Experiencia en r\u00e9gimen de silencio para hacer posible el encuentro con el Ser profundo que somos y facilitar el crecimiento de la conciencia de Presencia en cada acto cotidiano. Consta de meditaciones silenciosas, paseos meditativos, ejercicios corporales que ayudan al silenciamiento del cuerpo, charlas y la [&hellip;]\" \/>\n<meta property=\"og:url\" content=\"https:\/\/www.sanjuandelacruzubeda.com\/en\/events\/la-llamada-del-corazon-el-corazon-colmado\/\" \/>\n<meta property=\"og:site_name\" content=\"Museo, Casa de espiritualidad y toda la informaci\u00f3n y escritos de - San Juan de la Cruz. \u00dabeda.\" \/>\n<meta name=\"twitter:card\" content=\"summary_large_image\" \/>\n<script type=\"application\/ld+json\" class=\"yoast-schema-graph\">{\"@context\":\"https:\\\/\\\/schema.org\",\"@graph\":[{\"@type\":\"WebPage\",\"@id\":\"https:\\\/\\\/www.sanjuandelacruzubeda.com\\\/en\\\/events\\\/la-llamada-del-corazon-el-corazon-colmado\\\/\",\"url\":\"https:\\\/\\\/www.sanjuandelacruzubeda.com\\\/en\\\/events\\\/la-llamada-del-corazon-el-corazon-colmado\\\/\",\"name\":\"La llamada del coraz\u00f3n: el coraz\u00f3n colmado - Museo, Casa de espiritualidad y toda la informaci\u00f3n y escritos de - San Juan de la Cruz. \u00dabeda.\",\"isPartOf\":{\"@id\":\"https:\\\/\\\/www.sanjuandelacruzubeda.com\\\/en\\\/#website\"},\"datePublished\":\"2025-12-27T08:56:22+00:00\",\"breadcrumb\":{\"@id\":\"https:\\\/\\\/www.sanjuandelacruzubeda.com\\\/en\\\/events\\\/la-llamada-del-corazon-el-corazon-colmado\\\/#breadcrumb\"},\"inLanguage\":\"en-US\",\"potentialAction\":[{\"@type\":\"ReadAction\",\"target\":[\"https:\\\/\\\/www.sanjuandelacruzubeda.com\\\/en\\\/events\\\/la-llamada-del-corazon-el-corazon-colmado\\\/\"]}]},{\"@type\":\"BreadcrumbList\",\"@id\":\"https:\\\/\\\/www.sanjuandelacruzubeda.com\\\/en\\\/events\\\/la-llamada-del-corazon-el-corazon-colmado\\\/#breadcrumb\",\"itemListElement\":[{\"@type\":\"ListItem\",\"position\":1,\"name\":\"Inicio\",\"item\":\"https:\\\/\\\/www.sanjuandelacruzubeda.com\\\/en\\\/\"},{\"@type\":\"ListItem\",\"position\":2,\"name\":\"Events\",\"item\":\"https:\\\/\\\/www.sanjuandelacruzubeda.com\\\/en\\\/events\\\/\"},{\"@type\":\"ListItem\",\"position\":3,\"name\":\"La llamada del coraz\u00f3n: el coraz\u00f3n colmado\"}]},{\"@type\":\"WebSite\",\"@id\":\"https:\\\/\\\/www.sanjuandelacruzubeda.com\\\/en\\\/#website\",\"url\":\"https:\\\/\\\/www.sanjuandelacruzubeda.com\\\/en\\\/\",\"name\":\"Museo, Casa de espiritualidad y toda la informaci\u00f3n y escritos de - San Juan de la Cruz. \u00dabeda.\",\"description\":\"\",\"potentialAction\":[{\"@type\":\"SearchAction\",\"target\":{\"@type\":\"EntryPoint\",\"urlTemplate\":\"https:\\\/\\\/www.sanjuandelacruzubeda.com\\\/en\\\/?s={search_term_string}\"},\"query-input\":{\"@type\":\"PropertyValueSpecification\",\"valueRequired\":true,\"valueName\":\"search_term_string\"}}],\"inLanguage\":\"en-US\"}]}<\/script>\n<!-- \/ Yoast SEO plugin. -->","yoast_head_json":{"title":"La llamada del coraz\u00f3n: el coraz\u00f3n colmado - Museo, Casa de espiritualidad y toda la informaci\u00f3n y escritos de - San Juan de la Cruz. \u00dabeda.","robots":{"index":"index","follow":"follow","max-snippet":"max-snippet:-1","max-image-preview":"max-image-preview:large","max-video-preview":"max-video-preview:-1"},"canonical":"https:\/\/www.sanjuandelacruzubeda.com\/en\/events\/la-llamada-del-corazon-el-corazon-colmado\/","og_locale":"en_US","og_type":"article","og_title":"La llamada del coraz\u00f3n: el coraz\u00f3n colmado - Museo, Casa de espiritualidad y toda la informaci\u00f3n y escritos de - San Juan de la Cruz. \u00dabeda.","og_description":"Ciclo o espacio general: El despertar de la cris\u00e1lida Experiencia en r\u00e9gimen de silencio para hacer posible el encuentro con el Ser profundo que somos y facilitar el crecimiento de la conciencia de Presencia en cada acto cotidiano. Consta de meditaciones silenciosas, paseos meditativos, ejercicios corporales que ayudan al silenciamiento del cuerpo, charlas y la [&hellip;]","og_url":"https:\/\/www.sanjuandelacruzubeda.com\/en\/events\/la-llamada-del-corazon-el-corazon-colmado\/","og_site_name":"Museo, Casa de espiritualidad y toda la informaci\u00f3n y escritos de - San Juan de la Cruz. \u00dabeda.","twitter_card":"summary_large_image","schema":{"@context":"https:\/\/schema.org","@graph":[{"@type":"WebPage","@id":"https:\/\/www.sanjuandelacruzubeda.com\/en\/events\/la-llamada-del-corazon-el-corazon-colmado\/","url":"https:\/\/www.sanjuandelacruzubeda.com\/en\/events\/la-llamada-del-corazon-el-corazon-colmado\/","name":"La llamada del coraz\u00f3n: el coraz\u00f3n colmado - Museo, Casa de espiritualidad y toda la informaci\u00f3n y escritos de - San Juan de la Cruz. \u00dabeda.","isPartOf":{"@id":"https:\/\/www.sanjuandelacruzubeda.com\/en\/#website"},"datePublished":"2025-12-27T08:56:22+00:00","breadcrumb":{"@id":"https:\/\/www.sanjuandelacruzubeda.com\/en\/events\/la-llamada-del-corazon-el-corazon-colmado\/#breadcrumb"},"inLanguage":"en-US","potentialAction":[{"@type":"ReadAction","target":["https:\/\/www.sanjuandelacruzubeda.com\/en\/events\/la-llamada-del-corazon-el-corazon-colmado\/"]}]},{"@type":"BreadcrumbList","@id":"https:\/\/www.sanjuandelacruzubeda.com\/en\/events\/la-llamada-del-corazon-el-corazon-colmado\/#breadcrumb","itemListElement":[{"@type":"ListItem","position":1,"name":"Inicio","item":"https:\/\/www.sanjuandelacruzubeda.com\/en\/"},{"@type":"ListItem","position":2,"name":"Events","item":"https:\/\/www.sanjuandelacruzubeda.com\/en\/events\/"},{"@type":"ListItem","position":3,"name":"La llamada del coraz\u00f3n: el coraz\u00f3n colmado"}]},{"@type":"WebSite","@id":"https:\/\/www.sanjuandelacruzubeda.com\/en\/#website","url":"https:\/\/www.sanjuandelacruzubeda.com\/en\/","name":"Museo, Casa de espiritualidad y toda la informaci\u00f3n y escritos de - San Juan de la Cruz. \u00dabeda.","description":"","potentialAction":[{"@type":"SearchAction","target":{"@type":"EntryPoint","urlTemplate":"https:\/\/www.sanjuandelacruzubeda.com\/en\/?s={search_term_string}"},"query-input":{"@type":"PropertyValueSpecification","valueRequired":true,"valueName":"search_term_string"}}],"inLanguage":"en-US"}]}},"_links":{"self":[{"href":"https:\/\/www.sanjuandelacruzubeda.com\/en\/wp-json\/wp\/v2\/ajde_events\/9889","targetHints":{"allow":["GET"]}}],"collection":[{"href":"https:\/\/www.sanjuandelacruzubeda.com\/en\/wp-json\/wp\/v2\/ajde_events"}],"about":[{"href":"https:\/\/www.sanjuandelacruzubeda.com\/en\/wp-json\/wp\/v2\/types\/ajde_events"}],"author":[{"embeddable":true,"href":"https:\/\/www.sanjuandelacruzubeda.com\/en\/wp-json\/wp\/v2\/users\/2"}],"replies":[{"embeddable":true,"href":"https:\/\/www.sanjuandelacruzubeda.com\/en\/wp-json\/wp\/v2\/comments?post=9889"}],"wp:featuredmedia":[{"embeddable":true,"href":"https:\/\/www.sanjuandelacruzubeda.com\/en\/wp-json\/"}],"wp:attachment":[{"href":"https:\/\/www.sanjuandelacruzubeda.com\/en\/wp-json\/wp\/v2\/media?parent=9889"}],"wp:term":[{"taxonomy":"post_tag","embeddable":true,"href":"https:\/\/www.sanjuandelacruzubeda.com\/en\/wp-json\/wp\/v2\/tags?post=9889"},{"taxonomy":"event_type","embeddable":true,"href":"https:\/\/www.sanjuandelacruzubeda.com\/en\/wp-json\/wp\/v2\/event_type?post=9889"},{"taxonomy":"event_type_2","embeddable":true,"href":"https:\/\/www.sanjuandelacruzubeda.com\/en\/wp-json\/wp\/v2\/event_type_2?post=9889"}],"curies":[{"name":"wp","href":"https:\/\/api.w.org\/{rel}","templated":true}]}}

La llamada del corazón: el corazón colmado

<p>Ciclo o espacio general: El despertar de la crisálida</p>
<p>Experiencia en régimen de silencio para hacer posible el encuentro con el Ser profundo que somos y facilitar el crecimiento de la conciencia de Presencia en cada acto cotidiano.</p>
<p>Consta de meditaciones silenciosas, paseos meditativos, ejercicios corporales que ayudan al silenciamiento del cuerpo, charlas y la profundización en lo que es la experiencia de la contemplación, como uno de los movimientos necesarios para experimentar la Vida.</p>
<p>“El silencio hace del corazón un lugar de revelación” (Padre Moratiel)</p>
<p>Acompaña: Magdalena Rodríguez Martínez<br />
Centro Kairos–Psicoterapia: https://www.centro-kairos.com/</p>
<p>Inscripciones: mrodriguezmartinez63@gmail.com / 658 88 25 46</p>
<p>Hay que llegar antes de las 18 horas del viernes y se finaliza tras el almuerzo del domingo</p>
<p>Matrícula: 150 €</p>

<!-- This site is optimized with the Yoast SEO plugin v27.5 - https://yoast.com/product/yoast-seo-wordpress/ -->
<title>La llamada del corazón: el corazón colmado - Museo, Casa de espiritualidad y toda la información y escritos de - San Juan de la Cruz. Úbeda.</title>
<meta name="robots" content="index, follow, max-snippet:-1, max-image-preview:large, max-video-preview:-1" />
<link rel="canonical" href="https://www.sanjuandelacruzubeda.com/en/events/la-llamada-del-corazon-el-corazon-colmado/" />
<meta property="og:locale" content="en_US" />
<meta property="og:type" content="article" />
<meta property="og:title" content="La llamada del corazón: el corazón colmado - Museo, Casa de espiritualidad y toda la información y escritos de - San Juan de la Cruz. Úbeda." />
<meta property="og:description" content="Ciclo o espacio general: El despertar de la crisálida Experiencia en régimen de silencio para hacer posible el encuentro con el Ser profundo que somos y facilitar el crecimiento de la conciencia de Presencia en cada acto cotidiano. Consta de meditaciones silenciosas, paseos meditativos, ejercicios corporales que ayudan al silenciamiento del cuerpo, charlas y la [&hellip;]" />
<meta property="og:url" content="https://www.sanjuandelacruzubeda.com/en/events/la-llamada-del-corazon-el-corazon-colmado/" />
<meta property="og:site_name" content="Museo, Casa de espiritualidad y toda la información y escritos de - San Juan de la Cruz. Úbeda." />
<meta name="twitter:card" content="summary_large_image" />
<script type="application/ld+json" class="yoast-schema-graph">{"@context":"https:\/\/schema.org","@graph":[{"@type":"WebPage","@id":"https:\/\/www.sanjuandelacruzubeda.com\/en\/events\/la-llamada-del-corazon-el-corazon-colmado\/","url":"https:\/\/www.sanjuandelacruzubeda.com\/en\/events\/la-llamada-del-corazon-el-corazon-colmado\/","name":"La llamada del corazón: el corazón colmado - Museo, Casa de espiritualidad y toda la información y escritos de - San Juan de la Cruz. Úbeda.","isPartOf":{"@id":"https:\/\/www.sanjuandelacruzubeda.com\/en\/#website"},"datePublished":"2025-12-27T08:56:22+00:00","breadcrumb":{"@id":"https:\/\/www.sanjuandelacruzubeda.com\/en\/events\/la-llamada-del-corazon-el-corazon-colmado\/#breadcrumb"},"inLanguage":"en-US","potentialAction":[{"@type":"ReadAction","target":["https:\/\/www.sanjuandelacruzubeda.com\/en\/events\/la-llamada-del-corazon-el-corazon-colmado\/"]}]},{"@type":"BreadcrumbList","@id":"https:\/\/www.sanjuandelacruzubeda.com\/en\/events\/la-llamada-del-corazon-el-corazon-colmado\/#breadcrumb","itemListElement":[{"@type":"ListItem","position":1,"name":"Inicio","item":"https:\/\/www.sanjuandelacruzubeda.com\/en\/"},{"@type":"ListItem","position":2,"name":"Events","item":"https:\/\/www.sanjuandelacruzubeda.com\/en\/events\/"},{"@type":"ListItem","position":3,"name":"La llamada del corazón: el corazón colmado"}]},{"@type":"WebSite","@id":"https:\/\/www.sanjuandelacruzubeda.com\/en\/#website","url":"https:\/\/www.sanjuandelacruzubeda.com\/en\/","name":"Museo, Casa de espiritualidad y toda la información y escritos de - San Juan de la Cruz. Úbeda.","description":"","potentialAction":[{"@type":"SearchAction","target":{"@type":"EntryPoint","urlTemplate":"https:\/\/www.sanjuandelacruzubeda.com\/en\/?s={search_term_string}"},"query-input":{"@type":"PropertyValueSpecification","valueRequired":true,"valueName":"search_term_string"}}],"inLanguage":"en-US"}]}</script>
<!-- / Yoast SEO plugin. -->

La llamada del corazón: el corazón colmado - Museo, Casa de espiritualidad y toda la información y escritos de - San Juan de la Cruz. Úbeda.

Ciclo o espacio general: El despertar de la crisálida Experiencia en régimen de silencio para hacer posible el encuentro con el Ser profundo que somos y facilitar el crecimiento de la conciencia de Presencia en cada acto cotidiano. Consta de meditaciones silenciosas, paseos meditativos, ejercicios corporales que ayudan al silenciamiento del cuerpo, charlas y la [&hellip;]

Museo, Casa de espiritualidad y toda la información y escritos de - San Juan de la Cruz. Úbeda.
