{"id":10158,"date":"2026-04-28T18:40:45","date_gmt":"2026-04-28T16:40:45","guid":{"rendered":"https:\/\/www.sanjuandelacruzubeda.com\/?post_type=ajde_events&#038;p=10158"},"modified":"2026-04-28T19:14:00","modified_gmt":"2026-04-28T17:14:00","slug":"largometraje-documental-un-viaje-mistico","status":"publish","type":"ajde_events","link":"https:\/\/www.sanjuandelacruzubeda.com\/en\/events\/largometraje-documental-un-viaje-mistico\/","title":{"rendered":"En Baeza documental &#8220;Un viaje m\u00edstico&#8221;"},"content":{"rendered":"<p>El ubetense Lucas Hidalgo ha querido homenajear a San Juan de la Cruz con un magn\u00edfico largometraje documental, centrado sobre todo en el viaje del santo a \u00dabeda; sus vivencias durante los dos meses y medio que permaneci\u00f3 en nuestro convento en esta ciudad; y l\u00f3gicamente su enfermedad y muerte. Para ello, durante la hora y tres cuartos de proyecci\u00f3n, alterna entrevistas a especialistas en la materia \u2014desde las perspectivas filos\u00f3fica, m\u00e9dica y religiosa\u2014 con muy buenas recreaciones dram\u00e1ticas de aquellos acontecimientos; escritas, filmadas y dirigidas por \u00e9l mismo, protagonizadas por un grupo de notables actores, y con una fotograf\u00eda y puesta en escena realmente preciosas.<\/p>\n<p>Despu\u00e9s del \u00e9xito de los dos pases realizados en el Multicines de \u00dabeda en marzo y abril, por fin podemos estrenarlo tambi\u00e9n en nuestra querida Baeza, para la cual hay adem\u00e1s alg\u00fan gui\u00f1o y alusi\u00f3n importante durante el desarrollo del documental; estamos seguros de que esta nueva proyecci\u00f3n volver\u00e1 a llenar la sala y ser\u00e1 muy del agrado de todos los asistentes.<\/p>\n<p><strong>Jueves 14 de mayo a las 18:30 horas<\/strong><br \/>\nEscuela de Arte Gaspar Becerra<br \/>\nCalle Julio Burell 24, Baeza (Ja\u00e9n)<\/p>\n<p><strong>Entrada libre hasta completar el aforo<\/strong><\/p>\n","protected":false},"author":2,"featured_media":10159,"menu_order":0,"comment_status":"closed","ping_status":"closed","template":"","meta":{"_acf_changed":false,"_et_pb_use_builder":"","_et_pb_old_content":"","_et_gb_content_width":""},"tags":[],"event_type":[80],"event_type_2":[],"class_list":["post-10158","ajde_events","type-ajde_events","status-publish","has-post-thumbnail","hentry","event_location-escuela-de-arte-gaspar-becerra","event_type-ano-jubilar"],"acf":[],"yoast_head":"<!-- This site is optimized with the Yoast SEO plugin v27.5 - https:\/\/yoast.com\/product\/yoast-seo-wordpress\/ -->\n<title>En Baeza documental &quot;Un viaje m\u00edstico&quot; - Museo, Casa de espiritualidad y toda la informaci\u00f3n y escritos de - San Juan de la Cruz. \u00dabeda.<\/title>\n<meta name=\"robots\" content=\"index, follow, max-snippet:-1, max-image-preview:large, max-video-preview:-1\" \/>\n<link rel=\"canonical\" href=\"https:\/\/www.sanjuandelacruzubeda.com\/en\/events\/largometraje-documental-un-viaje-mistico\/\" \/>\n<meta property=\"og:locale\" content=\"en_US\" \/>\n<meta property=\"og:type\" content=\"article\" \/>\n<meta property=\"og:title\" content=\"En Baeza documental &quot;Un viaje m\u00edstico&quot; - Museo, Casa de espiritualidad y toda la informaci\u00f3n y escritos de - San Juan de la Cruz. \u00dabeda.\" \/>\n<meta property=\"og:description\" content=\"El ubetense Lucas Hidalgo ha querido homenajear a San Juan de la Cruz con un magn\u00edfico largometraje documental, centrado sobre todo en el viaje del santo a \u00dabeda; sus vivencias durante los dos meses y medio que permaneci\u00f3 en nuestro convento en esta ciudad; y l\u00f3gicamente su enfermedad y muerte. Para ello, durante la hora [&hellip;]\" \/>\n<meta property=\"og:url\" content=\"https:\/\/www.sanjuandelacruzubeda.com\/en\/events\/largometraje-documental-un-viaje-mistico\/\" \/>\n<meta property=\"og:site_name\" content=\"Museo, Casa de espiritualidad y toda la informaci\u00f3n y escritos de - San Juan de la Cruz. \u00dabeda.\" \/>\n<meta property=\"article:modified_time\" content=\"2026-04-28T17:14:00+00:00\" \/>\n<meta property=\"og:image\" content=\"https:\/\/www.sanjuandelacruzubeda.com\/wp-content\/uploads\/2026\/04\/WhatsApp-Image-2026-04-28-at-09.53.20.jpeg\" \/>\n\t<meta property=\"og:image:width\" content=\"1132\" \/>\n\t<meta property=\"og:image:height\" content=\"1600\" \/>\n\t<meta property=\"og:image:type\" content=\"image\/jpeg\" \/>\n<meta name=\"twitter:card\" content=\"summary_large_image\" \/>\n<meta name=\"twitter:label1\" content=\"Est. reading time\" \/>\n\t<meta name=\"twitter:data1\" content=\"2 minutes\" \/>\n<script type=\"application\/ld+json\" class=\"yoast-schema-graph\">{\"@context\":\"https:\\\/\\\/schema.org\",\"@graph\":[{\"@type\":\"WebPage\",\"@id\":\"https:\\\/\\\/www.sanjuandelacruzubeda.com\\\/en\\\/events\\\/largometraje-documental-un-viaje-mistico\\\/\",\"url\":\"https:\\\/\\\/www.sanjuandelacruzubeda.com\\\/en\\\/events\\\/largometraje-documental-un-viaje-mistico\\\/\",\"name\":\"En Baeza documental \\\"Un viaje m\u00edstico\\\" - Museo, Casa de espiritualidad y toda la informaci\u00f3n y escritos de - San Juan de la Cruz. \u00dabeda.\",\"isPartOf\":{\"@id\":\"https:\\\/\\\/www.sanjuandelacruzubeda.com\\\/en\\\/#website\"},\"primaryImageOfPage\":{\"@id\":\"https:\\\/\\\/www.sanjuandelacruzubeda.com\\\/en\\\/events\\\/largometraje-documental-un-viaje-mistico\\\/#primaryimage\"},\"image\":{\"@id\":\"https:\\\/\\\/www.sanjuandelacruzubeda.com\\\/en\\\/events\\\/largometraje-documental-un-viaje-mistico\\\/#primaryimage\"},\"thumbnailUrl\":\"https:\\\/\\\/www.sanjuandelacruzubeda.com\\\/wp-content\\\/uploads\\\/2026\\\/04\\\/WhatsApp-Image-2026-04-28-at-09.53.20.jpeg\",\"datePublished\":\"2026-04-28T16:40:45+00:00\",\"dateModified\":\"2026-04-28T17:14:00+00:00\",\"breadcrumb\":{\"@id\":\"https:\\\/\\\/www.sanjuandelacruzubeda.com\\\/en\\\/events\\\/largometraje-documental-un-viaje-mistico\\\/#breadcrumb\"},\"inLanguage\":\"en-US\",\"potentialAction\":[{\"@type\":\"ReadAction\",\"target\":[\"https:\\\/\\\/www.sanjuandelacruzubeda.com\\\/en\\\/events\\\/largometraje-documental-un-viaje-mistico\\\/\"]}]},{\"@type\":\"ImageObject\",\"inLanguage\":\"en-US\",\"@id\":\"https:\\\/\\\/www.sanjuandelacruzubeda.com\\\/en\\\/events\\\/largometraje-documental-un-viaje-mistico\\\/#primaryimage\",\"url\":\"https:\\\/\\\/www.sanjuandelacruzubeda.com\\\/wp-content\\\/uploads\\\/2026\\\/04\\\/WhatsApp-Image-2026-04-28-at-09.53.20.jpeg\",\"contentUrl\":\"https:\\\/\\\/www.sanjuandelacruzubeda.com\\\/wp-content\\\/uploads\\\/2026\\\/04\\\/WhatsApp-Image-2026-04-28-at-09.53.20.jpeg\",\"width\":1132,\"height\":1600},{\"@type\":\"BreadcrumbList\",\"@id\":\"https:\\\/\\\/www.sanjuandelacruzubeda.com\\\/en\\\/events\\\/largometraje-documental-un-viaje-mistico\\\/#breadcrumb\",\"itemListElement\":[{\"@type\":\"ListItem\",\"position\":1,\"name\":\"Inicio\",\"item\":\"https:\\\/\\\/www.sanjuandelacruzubeda.com\\\/en\\\/\"},{\"@type\":\"ListItem\",\"position\":2,\"name\":\"Events\",\"item\":\"https:\\\/\\\/www.sanjuandelacruzubeda.com\\\/en\\\/events\\\/\"},{\"@type\":\"ListItem\",\"position\":3,\"name\":\"En Baeza documental \u00abUn viaje m\u00edstico\u00bb\"}]},{\"@type\":\"WebSite\",\"@id\":\"https:\\\/\\\/www.sanjuandelacruzubeda.com\\\/en\\\/#website\",\"url\":\"https:\\\/\\\/www.sanjuandelacruzubeda.com\\\/en\\\/\",\"name\":\"Museo, Casa de espiritualidad y toda la informaci\u00f3n y escritos de - San Juan de la Cruz. \u00dabeda.\",\"description\":\"\",\"potentialAction\":[{\"@type\":\"SearchAction\",\"target\":{\"@type\":\"EntryPoint\",\"urlTemplate\":\"https:\\\/\\\/www.sanjuandelacruzubeda.com\\\/en\\\/?s={search_term_string}\"},\"query-input\":{\"@type\":\"PropertyValueSpecification\",\"valueRequired\":true,\"valueName\":\"search_term_string\"}}],\"inLanguage\":\"en-US\"}]}<\/script>\n<!-- \/ Yoast SEO plugin. -->","yoast_head_json":{"title":"En Baeza documental \"Un viaje m\u00edstico\" - Museo, Casa de espiritualidad y toda la informaci\u00f3n y escritos de - San Juan de la Cruz. \u00dabeda.","robots":{"index":"index","follow":"follow","max-snippet":"max-snippet:-1","max-image-preview":"max-image-preview:large","max-video-preview":"max-video-preview:-1"},"canonical":"https:\/\/www.sanjuandelacruzubeda.com\/en\/events\/largometraje-documental-un-viaje-mistico\/","og_locale":"en_US","og_type":"article","og_title":"En Baeza documental \"Un viaje m\u00edstico\" - Museo, Casa de espiritualidad y toda la informaci\u00f3n y escritos de - San Juan de la Cruz. \u00dabeda.","og_description":"El ubetense Lucas Hidalgo ha querido homenajear a San Juan de la Cruz con un magn\u00edfico largometraje documental, centrado sobre todo en el viaje del santo a \u00dabeda; sus vivencias durante los dos meses y medio que permaneci\u00f3 en nuestro convento en esta ciudad; y l\u00f3gicamente su enfermedad y muerte. Para ello, durante la hora [&hellip;]","og_url":"https:\/\/www.sanjuandelacruzubeda.com\/en\/events\/largometraje-documental-un-viaje-mistico\/","og_site_name":"Museo, Casa de espiritualidad y toda la informaci\u00f3n y escritos de - San Juan de la Cruz. \u00dabeda.","article_modified_time":"2026-04-28T17:14:00+00:00","og_image":[{"width":1132,"height":1600,"url":"https:\/\/www.sanjuandelacruzubeda.com\/wp-content\/uploads\/2026\/04\/WhatsApp-Image-2026-04-28-at-09.53.20.jpeg","type":"image\/jpeg"}],"twitter_card":"summary_large_image","twitter_misc":{"Est. reading time":"2 minutes"},"schema":{"@context":"https:\/\/schema.org","@graph":[{"@type":"WebPage","@id":"https:\/\/www.sanjuandelacruzubeda.com\/en\/events\/largometraje-documental-un-viaje-mistico\/","url":"https:\/\/www.sanjuandelacruzubeda.com\/en\/events\/largometraje-documental-un-viaje-mistico\/","name":"En Baeza documental \"Un viaje m\u00edstico\" - Museo, Casa de espiritualidad y toda la informaci\u00f3n y escritos de - San Juan de la Cruz. \u00dabeda.","isPartOf":{"@id":"https:\/\/www.sanjuandelacruzubeda.com\/en\/#website"},"primaryImageOfPage":{"@id":"https:\/\/www.sanjuandelacruzubeda.com\/en\/events\/largometraje-documental-un-viaje-mistico\/#primaryimage"},"image":{"@id":"https:\/\/www.sanjuandelacruzubeda.com\/en\/events\/largometraje-documental-un-viaje-mistico\/#primaryimage"},"thumbnailUrl":"https:\/\/www.sanjuandelacruzubeda.com\/wp-content\/uploads\/2026\/04\/WhatsApp-Image-2026-04-28-at-09.53.20.jpeg","datePublished":"2026-04-28T16:40:45+00:00","dateModified":"2026-04-28T17:14:00+00:00","breadcrumb":{"@id":"https:\/\/www.sanjuandelacruzubeda.com\/en\/events\/largometraje-documental-un-viaje-mistico\/#breadcrumb"},"inLanguage":"en-US","potentialAction":[{"@type":"ReadAction","target":["https:\/\/www.sanjuandelacruzubeda.com\/en\/events\/largometraje-documental-un-viaje-mistico\/"]}]},{"@type":"ImageObject","inLanguage":"en-US","@id":"https:\/\/www.sanjuandelacruzubeda.com\/en\/events\/largometraje-documental-un-viaje-mistico\/#primaryimage","url":"https:\/\/www.sanjuandelacruzubeda.com\/wp-content\/uploads\/2026\/04\/WhatsApp-Image-2026-04-28-at-09.53.20.jpeg","contentUrl":"https:\/\/www.sanjuandelacruzubeda.com\/wp-content\/uploads\/2026\/04\/WhatsApp-Image-2026-04-28-at-09.53.20.jpeg","width":1132,"height":1600},{"@type":"BreadcrumbList","@id":"https:\/\/www.sanjuandelacruzubeda.com\/en\/events\/largometraje-documental-un-viaje-mistico\/#breadcrumb","itemListElement":[{"@type":"ListItem","position":1,"name":"Inicio","item":"https:\/\/www.sanjuandelacruzubeda.com\/en\/"},{"@type":"ListItem","position":2,"name":"Events","item":"https:\/\/www.sanjuandelacruzubeda.com\/en\/events\/"},{"@type":"ListItem","position":3,"name":"En Baeza documental \u00abUn viaje m\u00edstico\u00bb"}]},{"@type":"WebSite","@id":"https:\/\/www.sanjuandelacruzubeda.com\/en\/#website","url":"https:\/\/www.sanjuandelacruzubeda.com\/en\/","name":"Museo, Casa de espiritualidad y toda la informaci\u00f3n y escritos de - San Juan de la Cruz. \u00dabeda.","description":"","potentialAction":[{"@type":"SearchAction","target":{"@type":"EntryPoint","urlTemplate":"https:\/\/www.sanjuandelacruzubeda.com\/en\/?s={search_term_string}"},"query-input":{"@type":"PropertyValueSpecification","valueRequired":true,"valueName":"search_term_string"}}],"inLanguage":"en-US"}]}},"_links":{"self":[{"href":"https:\/\/www.sanjuandelacruzubeda.com\/en\/wp-json\/wp\/v2\/ajde_events\/10158","targetHints":{"allow":["GET"]}}],"collection":[{"href":"https:\/\/www.sanjuandelacruzubeda.com\/en\/wp-json\/wp\/v2\/ajde_events"}],"about":[{"href":"https:\/\/www.sanjuandelacruzubeda.com\/en\/wp-json\/wp\/v2\/types\/ajde_events"}],"author":[{"embeddable":true,"href":"https:\/\/www.sanjuandelacruzubeda.com\/en\/wp-json\/wp\/v2\/users\/2"}],"replies":[{"embeddable":true,"href":"https:\/\/www.sanjuandelacruzubeda.com\/en\/wp-json\/wp\/v2\/comments?post=10158"}],"wp:featuredmedia":[{"embeddable":true,"href":"https:\/\/www.sanjuandelacruzubeda.com\/en\/wp-json\/wp\/v2\/media\/10159"}],"wp:attachment":[{"href":"https:\/\/www.sanjuandelacruzubeda.com\/en\/wp-json\/wp\/v2\/media?parent=10158"}],"wp:term":[{"taxonomy":"post_tag","embeddable":true,"href":"https:\/\/www.sanjuandelacruzubeda.com\/en\/wp-json\/wp\/v2\/tags?post=10158"},{"taxonomy":"event_type","embeddable":true,"href":"https:\/\/www.sanjuandelacruzubeda.com\/en\/wp-json\/wp\/v2\/event_type?post=10158"},{"taxonomy":"event_type_2","embeddable":true,"href":"https:\/\/www.sanjuandelacruzubeda.com\/en\/wp-json\/wp\/v2\/event_type_2?post=10158"}],"curies":[{"name":"wp","href":"https:\/\/api.w.org\/{rel}","templated":true}]}}

En Baeza documental &#8220;Un viaje místico&#8221;

<p>El ubetense Lucas Hidalgo ha querido homenajear a San Juan de la Cruz con un magnífico largometraje documental, centrado sobre todo en el viaje del santo a Úbeda; sus vivencias durante los dos meses y medio que permaneció en nuestro convento en esta ciudad; y lógicamente su enfermedad y muerte. Para ello, durante la hora y tres cuartos de proyección, alterna entrevistas a especialistas en la materia —desde las perspectivas filosófica, médica y religiosa— con muy buenas recreaciones dramáticas de aquellos acontecimientos; escritas, filmadas y dirigidas por él mismo, protagonizadas por un grupo de notables actores, y con una fotografía y puesta en escena realmente preciosas.</p>
<p>Después del éxito de los dos pases realizados en el Multicines de Úbeda en marzo y abril, por fin podemos estrenarlo también en nuestra querida Baeza, para la cual hay además algún guiño y alusión importante durante el desarrollo del documental; estamos seguros de que esta nueva proyección volverá a llenar la sala y será muy del agrado de todos los asistentes.</p>
<p><strong>Jueves 14 de mayo a las 18:30 horas</strong><br />
Escuela de Arte Gaspar Becerra<br />
Calle Julio Burell 24, Baeza (Jaén)</p>
<p><strong>Entrada libre hasta completar el aforo</strong></p>

<!-- This site is optimized with the Yoast SEO plugin v27.5 - https://yoast.com/product/yoast-seo-wordpress/ -->
<title>En Baeza documental &quot;Un viaje místico&quot; - Museo, Casa de espiritualidad y toda la información y escritos de - San Juan de la Cruz. Úbeda.</title>
<meta name="robots" content="index, follow, max-snippet:-1, max-image-preview:large, max-video-preview:-1" />
<link rel="canonical" href="https://www.sanjuandelacruzubeda.com/en/events/largometraje-documental-un-viaje-mistico/" />
<meta property="og:locale" content="en_US" />
<meta property="og:type" content="article" />
<meta property="og:title" content="En Baeza documental &quot;Un viaje místico&quot; - Museo, Casa de espiritualidad y toda la información y escritos de - San Juan de la Cruz. Úbeda." />
<meta property="og:description" content="El ubetense Lucas Hidalgo ha querido homenajear a San Juan de la Cruz con un magnífico largometraje documental, centrado sobre todo en el viaje del santo a Úbeda; sus vivencias durante los dos meses y medio que permaneció en nuestro convento en esta ciudad; y lógicamente su enfermedad y muerte. Para ello, durante la hora [&hellip;]" />
<meta property="og:url" content="https://www.sanjuandelacruzubeda.com/en/events/largometraje-documental-un-viaje-mistico/" />
<meta property="og:site_name" content="Museo, Casa de espiritualidad y toda la información y escritos de - San Juan de la Cruz. Úbeda." />
<meta property="article:modified_time" content="2026-04-28T17:14:00+00:00" />
<meta property="og:image" content="https://www.sanjuandelacruzubeda.com/wp-content/uploads/2026/04/WhatsApp-Image-2026-04-28-at-09.53.20.jpeg" />
	<meta property="og:image:width" content="1132" />
	<meta property="og:image:height" content="1600" />
	<meta property="og:image:type" content="image/jpeg" />
<meta name="twitter:card" content="summary_large_image" />
<meta name="twitter:label1" content="Est. reading time" />
	<meta name="twitter:data1" content="2 minutes" />
<script type="application/ld+json" class="yoast-schema-graph">{"@context":"https:\/\/schema.org","@graph":[{"@type":"WebPage","@id":"https:\/\/www.sanjuandelacruzubeda.com\/en\/events\/largometraje-documental-un-viaje-mistico\/","url":"https:\/\/www.sanjuandelacruzubeda.com\/en\/events\/largometraje-documental-un-viaje-mistico\/","name":"En Baeza documental \"Un viaje místico\" - Museo, Casa de espiritualidad y toda la información y escritos de - San Juan de la Cruz. Úbeda.","isPartOf":{"@id":"https:\/\/www.sanjuandelacruzubeda.com\/en\/#website"},"primaryImageOfPage":{"@id":"https:\/\/www.sanjuandelacruzubeda.com\/en\/events\/largometraje-documental-un-viaje-mistico\/#primaryimage"},"image":{"@id":"https:\/\/www.sanjuandelacruzubeda.com\/en\/events\/largometraje-documental-un-viaje-mistico\/#primaryimage"},"thumbnailUrl":"https:\/\/www.sanjuandelacruzubeda.com\/wp-content\/uploads\/2026\/04\/WhatsApp-Image-2026-04-28-at-09.53.20.jpeg","datePublished":"2026-04-28T16:40:45+00:00","dateModified":"2026-04-28T17:14:00+00:00","breadcrumb":{"@id":"https:\/\/www.sanjuandelacruzubeda.com\/en\/events\/largometraje-documental-un-viaje-mistico\/#breadcrumb"},"inLanguage":"en-US","potentialAction":[{"@type":"ReadAction","target":["https:\/\/www.sanjuandelacruzubeda.com\/en\/events\/largometraje-documental-un-viaje-mistico\/"]}]},{"@type":"ImageObject","inLanguage":"en-US","@id":"https:\/\/www.sanjuandelacruzubeda.com\/en\/events\/largometraje-documental-un-viaje-mistico\/#primaryimage","url":"https:\/\/www.sanjuandelacruzubeda.com\/wp-content\/uploads\/2026\/04\/WhatsApp-Image-2026-04-28-at-09.53.20.jpeg","contentUrl":"https:\/\/www.sanjuandelacruzubeda.com\/wp-content\/uploads\/2026\/04\/WhatsApp-Image-2026-04-28-at-09.53.20.jpeg","width":1132,"height":1600},{"@type":"BreadcrumbList","@id":"https:\/\/www.sanjuandelacruzubeda.com\/en\/events\/largometraje-documental-un-viaje-mistico\/#breadcrumb","itemListElement":[{"@type":"ListItem","position":1,"name":"Inicio","item":"https:\/\/www.sanjuandelacruzubeda.com\/en\/"},{"@type":"ListItem","position":2,"name":"Events","item":"https:\/\/www.sanjuandelacruzubeda.com\/en\/events\/"},{"@type":"ListItem","position":3,"name":"En Baeza documental «Un viaje místico»"}]},{"@type":"WebSite","@id":"https:\/\/www.sanjuandelacruzubeda.com\/en\/#website","url":"https:\/\/www.sanjuandelacruzubeda.com\/en\/","name":"Museo, Casa de espiritualidad y toda la información y escritos de - San Juan de la Cruz. Úbeda.","description":"","potentialAction":[{"@type":"SearchAction","target":{"@type":"EntryPoint","urlTemplate":"https:\/\/www.sanjuandelacruzubeda.com\/en\/?s={search_term_string}"},"query-input":{"@type":"PropertyValueSpecification","valueRequired":true,"valueName":"search_term_string"}}],"inLanguage":"en-US"}]}</script>
<!-- / Yoast SEO plugin. -->

En Baeza documental "Un viaje místico" - Museo, Casa de espiritualidad y toda la información y escritos de - San Juan de la Cruz. Úbeda.

El ubetense Lucas Hidalgo ha querido homenajear a San Juan de la Cruz con un magnífico largometraje documental, centrado sobre todo en el viaje del santo a Úbeda; sus vivencias durante los dos meses y medio que permaneció en nuestro convento en esta ciudad; y lógicamente su enfermedad y muerte. Para ello, durante la hora [&hellip;]

Museo, Casa de espiritualidad y toda la información y escritos de - San Juan de la Cruz. Úbeda.

En Baeza documental «Un viaje místico»
