{"id":10125,"date":"2026-03-17T12:11:26","date_gmt":"2026-03-17T11:11:26","guid":{"rendered":"https:\/\/www.sanjuandelacruzubeda.com\/?post_type=ajde_events&#038;p=10125"},"modified":"2026-03-23T11:28:40","modified_gmt":"2026-03-23T10:28:40","slug":"concierto-la-noche-sosegada","status":"publish","type":"ajde_events","link":"https:\/\/www.sanjuandelacruzubeda.com\/en\/events\/concierto-la-noche-sosegada\/","title":{"rendered":"Concierto \u201cLa noche sosegada\u201d"},"content":{"rendered":"<p>El Festival Internacional de M\u00fasica y Danza de \u00dabeda nos trae a la pianista y music\u00f3loga Mar\u00eda del Mar Poyatos que, mediante este concierto y recital, propone una experiencia \u00edntima y espiritual donde la palabra se convierte en melod\u00eda. Mar\u00eda del Mar Poyatos nos invita a recorrer la obra de San Juan de la Cruz a trav\u00e9s de su voz y de la m\u00fasica, en un viaje po\u00e9tico que une misticismo, belleza y emoci\u00f3n. Verso y sonido se entrelazan para iluminar el alma y rendir homenaje a uno de los grandes maestros de la espiritualidad y la literatura universal. Sesenta minutos para dejarse envolver por la serenidad, la sensibilidad y la profundidad de su mensaje<\/p>\n<p><strong>Jueves 21 de mayo de 2026 a las 20:30 horas<\/strong><br \/>\nOratorio de San Juan de la Cruz<br \/>\nCalle Carmen, 13 de \u00dabeda (Ja\u00e9n)<\/p>\n<p><strong>Precio de la entrada: 3 \u20ac<\/strong><br \/>\n<a href=\"http:\/\/www.flowte.me\/storefront\/consigue-tu-entrada-1?c=134054\">Compra en internet pinchando aqu\u00ed <\/a><br \/>\nVenta en taquilla de lunes a viernes:<br \/>\n&#8211; 9 a 13 horas: \u00c1rea de Cultura y Fiestas, C\/ Baja del Marqu\u00e9s (Palacio Marqu\u00e9s de Contadero)<br \/>\n&#8211; 19:30 a 20:30 horas en el Hospital de Santiago<br \/>\n&#8211; Y si a\u00fan quedan entradas, en la puerta del lugar del concierto una hora antes de su inicio<\/p>\n","protected":false},"author":2,"featured_media":10137,"menu_order":0,"comment_status":"closed","ping_status":"closed","template":"","meta":{"_acf_changed":false,"_et_pb_use_builder":"","_et_pb_old_content":"","_et_gb_content_width":""},"tags":[],"event_type":[80],"event_type_2":[75],"class_list":["post-10125","ajde_events","type-ajde_events","status-publish","has-post-thumbnail","hentry","event_location-museo-san-juan-de-la-cruz","event_type-ano-jubilar","event_type_2-insulas-extranas"],"acf":[],"yoast_head":"<!-- This site is optimized with the Yoast SEO plugin v27.5 - https:\/\/yoast.com\/product\/yoast-seo-wordpress\/ -->\n<title>Concierto \u201cLa noche sosegada\u201d - Museo, Casa de espiritualidad y toda la informaci\u00f3n y escritos de - San Juan de la Cruz. \u00dabeda.<\/title>\n<meta name=\"robots\" content=\"index, follow, max-snippet:-1, max-image-preview:large, max-video-preview:-1\" \/>\n<link rel=\"canonical\" href=\"https:\/\/www.sanjuandelacruzubeda.com\/en\/events\/concierto-la-noche-sosegada\/\" \/>\n<meta property=\"og:locale\" content=\"en_US\" \/>\n<meta property=\"og:type\" content=\"article\" \/>\n<meta property=\"og:title\" content=\"Concierto \u201cLa noche sosegada\u201d - Museo, Casa de espiritualidad y toda la informaci\u00f3n y escritos de - San Juan de la Cruz. \u00dabeda.\" \/>\n<meta property=\"og:description\" content=\"El Festival Internacional de M\u00fasica y Danza de \u00dabeda nos trae a la pianista y music\u00f3loga Mar\u00eda del Mar Poyatos que, mediante este concierto y recital, propone una experiencia \u00edntima y espiritual donde la palabra se convierte en melod\u00eda. Mar\u00eda del Mar Poyatos nos invita a recorrer la obra de San Juan de la Cruz [&hellip;]\" \/>\n<meta property=\"og:url\" content=\"https:\/\/www.sanjuandelacruzubeda.com\/en\/events\/concierto-la-noche-sosegada\/\" \/>\n<meta property=\"og:site_name\" content=\"Museo, Casa de espiritualidad y toda la informaci\u00f3n y escritos de - San Juan de la Cruz. \u00dabeda.\" \/>\n<meta property=\"article:modified_time\" content=\"2026-03-23T10:28:40+00:00\" \/>\n<meta property=\"og:image\" content=\"https:\/\/www.sanjuandelacruzubeda.com\/wp-content\/uploads\/2026\/03\/INSULAS-EXTRANAS-MAYO-2026.jpeg\" \/>\n\t<meta property=\"og:image:width\" content=\"600\" \/>\n\t<meta property=\"og:image:height\" content=\"849\" \/>\n\t<meta property=\"og:image:type\" content=\"image\/jpeg\" \/>\n<meta name=\"twitter:card\" content=\"summary_large_image\" \/>\n<meta name=\"twitter:label1\" content=\"Est. reading time\" \/>\n\t<meta name=\"twitter:data1\" content=\"2 minutes\" \/>\n<script type=\"application\/ld+json\" class=\"yoast-schema-graph\">{\"@context\":\"https:\\\/\\\/schema.org\",\"@graph\":[{\"@type\":\"WebPage\",\"@id\":\"https:\\\/\\\/www.sanjuandelacruzubeda.com\\\/en\\\/events\\\/concierto-la-noche-sosegada\\\/\",\"url\":\"https:\\\/\\\/www.sanjuandelacruzubeda.com\\\/en\\\/events\\\/concierto-la-noche-sosegada\\\/\",\"name\":\"Concierto \u201cLa noche sosegada\u201d - Museo, Casa de espiritualidad y toda la informaci\u00f3n y escritos de - San Juan de la Cruz. \u00dabeda.\",\"isPartOf\":{\"@id\":\"https:\\\/\\\/www.sanjuandelacruzubeda.com\\\/en\\\/#website\"},\"primaryImageOfPage\":{\"@id\":\"https:\\\/\\\/www.sanjuandelacruzubeda.com\\\/en\\\/events\\\/concierto-la-noche-sosegada\\\/#primaryimage\"},\"image\":{\"@id\":\"https:\\\/\\\/www.sanjuandelacruzubeda.com\\\/en\\\/events\\\/concierto-la-noche-sosegada\\\/#primaryimage\"},\"thumbnailUrl\":\"https:\\\/\\\/www.sanjuandelacruzubeda.com\\\/wp-content\\\/uploads\\\/2026\\\/03\\\/INSULAS-EXTRANAS-MAYO-2026.jpeg\",\"datePublished\":\"2026-03-17T11:11:26+00:00\",\"dateModified\":\"2026-03-23T10:28:40+00:00\",\"breadcrumb\":{\"@id\":\"https:\\\/\\\/www.sanjuandelacruzubeda.com\\\/en\\\/events\\\/concierto-la-noche-sosegada\\\/#breadcrumb\"},\"inLanguage\":\"en-US\",\"potentialAction\":[{\"@type\":\"ReadAction\",\"target\":[\"https:\\\/\\\/www.sanjuandelacruzubeda.com\\\/en\\\/events\\\/concierto-la-noche-sosegada\\\/\"]}]},{\"@type\":\"ImageObject\",\"inLanguage\":\"en-US\",\"@id\":\"https:\\\/\\\/www.sanjuandelacruzubeda.com\\\/en\\\/events\\\/concierto-la-noche-sosegada\\\/#primaryimage\",\"url\":\"https:\\\/\\\/www.sanjuandelacruzubeda.com\\\/wp-content\\\/uploads\\\/2026\\\/03\\\/INSULAS-EXTRANAS-MAYO-2026.jpeg\",\"contentUrl\":\"https:\\\/\\\/www.sanjuandelacruzubeda.com\\\/wp-content\\\/uploads\\\/2026\\\/03\\\/INSULAS-EXTRANAS-MAYO-2026.jpeg\",\"width\":600,\"height\":849},{\"@type\":\"BreadcrumbList\",\"@id\":\"https:\\\/\\\/www.sanjuandelacruzubeda.com\\\/en\\\/events\\\/concierto-la-noche-sosegada\\\/#breadcrumb\",\"itemListElement\":[{\"@type\":\"ListItem\",\"position\":1,\"name\":\"Inicio\",\"item\":\"https:\\\/\\\/www.sanjuandelacruzubeda.com\\\/en\\\/\"},{\"@type\":\"ListItem\",\"position\":2,\"name\":\"Events\",\"item\":\"https:\\\/\\\/www.sanjuandelacruzubeda.com\\\/en\\\/events\\\/\"},{\"@type\":\"ListItem\",\"position\":3,\"name\":\"Concierto \u201cLa noche sosegada\u201d\"}]},{\"@type\":\"WebSite\",\"@id\":\"https:\\\/\\\/www.sanjuandelacruzubeda.com\\\/en\\\/#website\",\"url\":\"https:\\\/\\\/www.sanjuandelacruzubeda.com\\\/en\\\/\",\"name\":\"Museo, Casa de espiritualidad y toda la informaci\u00f3n y escritos de - San Juan de la Cruz. \u00dabeda.\",\"description\":\"\",\"potentialAction\":[{\"@type\":\"SearchAction\",\"target\":{\"@type\":\"EntryPoint\",\"urlTemplate\":\"https:\\\/\\\/www.sanjuandelacruzubeda.com\\\/en\\\/?s={search_term_string}\"},\"query-input\":{\"@type\":\"PropertyValueSpecification\",\"valueRequired\":true,\"valueName\":\"search_term_string\"}}],\"inLanguage\":\"en-US\"}]}<\/script>\n<!-- \/ Yoast SEO plugin. -->","yoast_head_json":{"title":"Concierto \u201cLa noche sosegada\u201d - Museo, Casa de espiritualidad y toda la informaci\u00f3n y escritos de - San Juan de la Cruz. \u00dabeda.","robots":{"index":"index","follow":"follow","max-snippet":"max-snippet:-1","max-image-preview":"max-image-preview:large","max-video-preview":"max-video-preview:-1"},"canonical":"https:\/\/www.sanjuandelacruzubeda.com\/en\/events\/concierto-la-noche-sosegada\/","og_locale":"en_US","og_type":"article","og_title":"Concierto \u201cLa noche sosegada\u201d - Museo, Casa de espiritualidad y toda la informaci\u00f3n y escritos de - San Juan de la Cruz. \u00dabeda.","og_description":"El Festival Internacional de M\u00fasica y Danza de \u00dabeda nos trae a la pianista y music\u00f3loga Mar\u00eda del Mar Poyatos que, mediante este concierto y recital, propone una experiencia \u00edntima y espiritual donde la palabra se convierte en melod\u00eda. Mar\u00eda del Mar Poyatos nos invita a recorrer la obra de San Juan de la Cruz [&hellip;]","og_url":"https:\/\/www.sanjuandelacruzubeda.com\/en\/events\/concierto-la-noche-sosegada\/","og_site_name":"Museo, Casa de espiritualidad y toda la informaci\u00f3n y escritos de - San Juan de la Cruz. \u00dabeda.","article_modified_time":"2026-03-23T10:28:40+00:00","og_image":[{"width":600,"height":849,"url":"https:\/\/www.sanjuandelacruzubeda.com\/wp-content\/uploads\/2026\/03\/INSULAS-EXTRANAS-MAYO-2026.jpeg","type":"image\/jpeg"}],"twitter_card":"summary_large_image","twitter_misc":{"Est. reading time":"2 minutes"},"schema":{"@context":"https:\/\/schema.org","@graph":[{"@type":"WebPage","@id":"https:\/\/www.sanjuandelacruzubeda.com\/en\/events\/concierto-la-noche-sosegada\/","url":"https:\/\/www.sanjuandelacruzubeda.com\/en\/events\/concierto-la-noche-sosegada\/","name":"Concierto \u201cLa noche sosegada\u201d - Museo, Casa de espiritualidad y toda la informaci\u00f3n y escritos de - San Juan de la Cruz. \u00dabeda.","isPartOf":{"@id":"https:\/\/www.sanjuandelacruzubeda.com\/en\/#website"},"primaryImageOfPage":{"@id":"https:\/\/www.sanjuandelacruzubeda.com\/en\/events\/concierto-la-noche-sosegada\/#primaryimage"},"image":{"@id":"https:\/\/www.sanjuandelacruzubeda.com\/en\/events\/concierto-la-noche-sosegada\/#primaryimage"},"thumbnailUrl":"https:\/\/www.sanjuandelacruzubeda.com\/wp-content\/uploads\/2026\/03\/INSULAS-EXTRANAS-MAYO-2026.jpeg","datePublished":"2026-03-17T11:11:26+00:00","dateModified":"2026-03-23T10:28:40+00:00","breadcrumb":{"@id":"https:\/\/www.sanjuandelacruzubeda.com\/en\/events\/concierto-la-noche-sosegada\/#breadcrumb"},"inLanguage":"en-US","potentialAction":[{"@type":"ReadAction","target":["https:\/\/www.sanjuandelacruzubeda.com\/en\/events\/concierto-la-noche-sosegada\/"]}]},{"@type":"ImageObject","inLanguage":"en-US","@id":"https:\/\/www.sanjuandelacruzubeda.com\/en\/events\/concierto-la-noche-sosegada\/#primaryimage","url":"https:\/\/www.sanjuandelacruzubeda.com\/wp-content\/uploads\/2026\/03\/INSULAS-EXTRANAS-MAYO-2026.jpeg","contentUrl":"https:\/\/www.sanjuandelacruzubeda.com\/wp-content\/uploads\/2026\/03\/INSULAS-EXTRANAS-MAYO-2026.jpeg","width":600,"height":849},{"@type":"BreadcrumbList","@id":"https:\/\/www.sanjuandelacruzubeda.com\/en\/events\/concierto-la-noche-sosegada\/#breadcrumb","itemListElement":[{"@type":"ListItem","position":1,"name":"Inicio","item":"https:\/\/www.sanjuandelacruzubeda.com\/en\/"},{"@type":"ListItem","position":2,"name":"Events","item":"https:\/\/www.sanjuandelacruzubeda.com\/en\/events\/"},{"@type":"ListItem","position":3,"name":"Concierto \u201cLa noche sosegada\u201d"}]},{"@type":"WebSite","@id":"https:\/\/www.sanjuandelacruzubeda.com\/en\/#website","url":"https:\/\/www.sanjuandelacruzubeda.com\/en\/","name":"Museo, Casa de espiritualidad y toda la informaci\u00f3n y escritos de - San Juan de la Cruz. \u00dabeda.","description":"","potentialAction":[{"@type":"SearchAction","target":{"@type":"EntryPoint","urlTemplate":"https:\/\/www.sanjuandelacruzubeda.com\/en\/?s={search_term_string}"},"query-input":{"@type":"PropertyValueSpecification","valueRequired":true,"valueName":"search_term_string"}}],"inLanguage":"en-US"}]}},"_links":{"self":[{"href":"https:\/\/www.sanjuandelacruzubeda.com\/en\/wp-json\/wp\/v2\/ajde_events\/10125","targetHints":{"allow":["GET"]}}],"collection":[{"href":"https:\/\/www.sanjuandelacruzubeda.com\/en\/wp-json\/wp\/v2\/ajde_events"}],"about":[{"href":"https:\/\/www.sanjuandelacruzubeda.com\/en\/wp-json\/wp\/v2\/types\/ajde_events"}],"author":[{"embeddable":true,"href":"https:\/\/www.sanjuandelacruzubeda.com\/en\/wp-json\/wp\/v2\/users\/2"}],"replies":[{"embeddable":true,"href":"https:\/\/www.sanjuandelacruzubeda.com\/en\/wp-json\/wp\/v2\/comments?post=10125"}],"wp:featuredmedia":[{"embeddable":true,"href":"https:\/\/www.sanjuandelacruzubeda.com\/en\/wp-json\/wp\/v2\/media\/10137"}],"wp:attachment":[{"href":"https:\/\/www.sanjuandelacruzubeda.com\/en\/wp-json\/wp\/v2\/media?parent=10125"}],"wp:term":[{"taxonomy":"post_tag","embeddable":true,"href":"https:\/\/www.sanjuandelacruzubeda.com\/en\/wp-json\/wp\/v2\/tags?post=10125"},{"taxonomy":"event_type","embeddable":true,"href":"https:\/\/www.sanjuandelacruzubeda.com\/en\/wp-json\/wp\/v2\/event_type?post=10125"},{"taxonomy":"event_type_2","embeddable":true,"href":"https:\/\/www.sanjuandelacruzubeda.com\/en\/wp-json\/wp\/v2\/event_type_2?post=10125"}],"curies":[{"name":"wp","href":"https:\/\/api.w.org\/{rel}","templated":true}]}}

<p>El Festival Internacional de Música y Danza de Úbeda nos trae a la pianista y musicóloga María del Mar Poyatos que, mediante este concierto y recital, propone una experiencia íntima y espiritual donde la palabra se convierte en melodía. María del Mar Poyatos nos invita a recorrer la obra de San Juan de la Cruz a través de su voz y de la música, en un viaje poético que une misticismo, belleza y emoción. Verso y sonido se entrelazan para iluminar el alma y rendir homenaje a uno de los grandes maestros de la espiritualidad y la literatura universal. Sesenta minutos para dejarse envolver por la serenidad, la sensibilidad y la profundidad de su mensaje</p>
<p><strong>Jueves 21 de mayo de 2026 a las 20:30 horas</strong><br />
Oratorio de San Juan de la Cruz<br />
Calle Carmen, 13 de Úbeda (Jaén)</p>
<p><strong>Precio de la entrada: 3 €</strong><br />
<a href="http://www.flowte.me/storefront/consigue-tu-entrada-1?c=134054">Compra en internet pinchando aquí </a><br />
Venta en taquilla de lunes a viernes:<br />
&#8211; 9 a 13 horas: Área de Cultura y Fiestas, C/ Baja del Marqués (Palacio Marqués de Contadero)<br />
&#8211; 19:30 a 20:30 horas en el Hospital de Santiago<br />
&#8211; Y si aún quedan entradas, en la puerta del lugar del concierto una hora antes de su inicio</p>

<!-- This site is optimized with the Yoast SEO plugin v27.5 - https://yoast.com/product/yoast-seo-wordpress/ -->
<title>Concierto “La noche sosegada” - Museo, Casa de espiritualidad y toda la información y escritos de - San Juan de la Cruz. Úbeda.</title>
<meta name="robots" content="index, follow, max-snippet:-1, max-image-preview:large, max-video-preview:-1" />
<link rel="canonical" href="https://www.sanjuandelacruzubeda.com/en/events/concierto-la-noche-sosegada/" />
<meta property="og:locale" content="en_US" />
<meta property="og:type" content="article" />
<meta property="og:title" content="Concierto “La noche sosegada” - Museo, Casa de espiritualidad y toda la información y escritos de - San Juan de la Cruz. Úbeda." />
<meta property="og:description" content="El Festival Internacional de Música y Danza de Úbeda nos trae a la pianista y musicóloga María del Mar Poyatos que, mediante este concierto y recital, propone una experiencia íntima y espiritual donde la palabra se convierte en melodía. María del Mar Poyatos nos invita a recorrer la obra de San Juan de la Cruz [&hellip;]" />
<meta property="og:url" content="https://www.sanjuandelacruzubeda.com/en/events/concierto-la-noche-sosegada/" />
<meta property="og:site_name" content="Museo, Casa de espiritualidad y toda la información y escritos de - San Juan de la Cruz. Úbeda." />
<meta property="article:modified_time" content="2026-03-23T10:28:40+00:00" />
<meta property="og:image" content="https://www.sanjuandelacruzubeda.com/wp-content/uploads/2026/03/INSULAS-EXTRANAS-MAYO-2026.jpeg" />
	<meta property="og:image:width" content="600" />
	<meta property="og:image:height" content="849" />
	<meta property="og:image:type" content="image/jpeg" />
<meta name="twitter:card" content="summary_large_image" />
<meta name="twitter:label1" content="Est. reading time" />
	<meta name="twitter:data1" content="2 minutes" />
<script type="application/ld+json" class="yoast-schema-graph">{"@context":"https:\/\/schema.org","@graph":[{"@type":"WebPage","@id":"https:\/\/www.sanjuandelacruzubeda.com\/en\/events\/concierto-la-noche-sosegada\/","url":"https:\/\/www.sanjuandelacruzubeda.com\/en\/events\/concierto-la-noche-sosegada\/","name":"Concierto “La noche sosegada” - Museo, Casa de espiritualidad y toda la información y escritos de - San Juan de la Cruz. Úbeda.","isPartOf":{"@id":"https:\/\/www.sanjuandelacruzubeda.com\/en\/#website"},"primaryImageOfPage":{"@id":"https:\/\/www.sanjuandelacruzubeda.com\/en\/events\/concierto-la-noche-sosegada\/#primaryimage"},"image":{"@id":"https:\/\/www.sanjuandelacruzubeda.com\/en\/events\/concierto-la-noche-sosegada\/#primaryimage"},"thumbnailUrl":"https:\/\/www.sanjuandelacruzubeda.com\/wp-content\/uploads\/2026\/03\/INSULAS-EXTRANAS-MAYO-2026.jpeg","datePublished":"2026-03-17T11:11:26+00:00","dateModified":"2026-03-23T10:28:40+00:00","breadcrumb":{"@id":"https:\/\/www.sanjuandelacruzubeda.com\/en\/events\/concierto-la-noche-sosegada\/#breadcrumb"},"inLanguage":"en-US","potentialAction":[{"@type":"ReadAction","target":["https:\/\/www.sanjuandelacruzubeda.com\/en\/events\/concierto-la-noche-sosegada\/"]}]},{"@type":"ImageObject","inLanguage":"en-US","@id":"https:\/\/www.sanjuandelacruzubeda.com\/en\/events\/concierto-la-noche-sosegada\/#primaryimage","url":"https:\/\/www.sanjuandelacruzubeda.com\/wp-content\/uploads\/2026\/03\/INSULAS-EXTRANAS-MAYO-2026.jpeg","contentUrl":"https:\/\/www.sanjuandelacruzubeda.com\/wp-content\/uploads\/2026\/03\/INSULAS-EXTRANAS-MAYO-2026.jpeg","width":600,"height":849},{"@type":"BreadcrumbList","@id":"https:\/\/www.sanjuandelacruzubeda.com\/en\/events\/concierto-la-noche-sosegada\/#breadcrumb","itemListElement":[{"@type":"ListItem","position":1,"name":"Inicio","item":"https:\/\/www.sanjuandelacruzubeda.com\/en\/"},{"@type":"ListItem","position":2,"name":"Events","item":"https:\/\/www.sanjuandelacruzubeda.com\/en\/events\/"},{"@type":"ListItem","position":3,"name":"Concierto “La noche sosegada”"}]},{"@type":"WebSite","@id":"https:\/\/www.sanjuandelacruzubeda.com\/en\/#website","url":"https:\/\/www.sanjuandelacruzubeda.com\/en\/","name":"Museo, Casa de espiritualidad y toda la información y escritos de - San Juan de la Cruz. Úbeda.","description":"","potentialAction":[{"@type":"SearchAction","target":{"@type":"EntryPoint","urlTemplate":"https:\/\/www.sanjuandelacruzubeda.com\/en\/?s={search_term_string}"},"query-input":{"@type":"PropertyValueSpecification","valueRequired":true,"valueName":"search_term_string"}}],"inLanguage":"en-US"}]}</script>
<!-- / Yoast SEO plugin. -->

Concierto “La noche sosegada” - Museo, Casa de espiritualidad y toda la información y escritos de - San Juan de la Cruz. Úbeda.

El Festival Internacional de Música y Danza de Úbeda nos trae a la pianista y musicóloga María del Mar Poyatos que, mediante este concierto y recital, propone una experiencia íntima y espiritual donde la palabra se convierte en melodía. María del Mar Poyatos nos invita a recorrer la obra de San Juan de la Cruz [&hellip;]

Museo, Casa de espiritualidad y toda la información y escritos de - San Juan de la Cruz. Úbeda.
