{"id":10124,"date":"2026-03-17T11:56:56","date_gmt":"2026-03-17T10:56:56","guid":{"rendered":"https:\/\/www.sanjuandelacruzubeda.com\/?post_type=ajde_events&#038;p=10124"},"modified":"2026-03-17T12:11:55","modified_gmt":"2026-03-17T11:11:55","slug":"concierto-orfeon-santo-reino","status":"publish","type":"ajde_events","link":"https:\/\/www.sanjuandelacruzubeda.com\/en\/events\/concierto-orfeon-santo-reino\/","title":{"rendered":"Concierto Orfe\u00f3n &#8220;Santo Reino&#8221;"},"content":{"rendered":"<p>El muy reputado <a href=\"http:\/\/jaenescultura.dipujaen.es\/grupo\/162\/orfeon-santo-reino\">Orfe\u00f3n \u201cSanto Reino\u201d (Ja\u00e9n)<\/a> ha querido regalarnos un concierto homenaje a San Juan de la Cruz con motivo de este A\u00f1o Jubilar en su honor y, por supuesto, la comunidad de Carmelitas Descalzos hemos acogido con gusto y gratitud su oferta. Hemos organizado ese concierto contando adem\u00e1s para el transporte del Orfe\u00f3n con el patrocinio del <a href=\"http:\/\/www.centroopticojesus.com\">Centro \u00d3ptico Jes\u00fas<\/a><\/p>\n<p>Domingo 10 de mayo de 2026 a las 12 horas<br \/>\nIglesia de San Miguel<br \/>\nCalle Carmen, 13 de \u00dabeda (Ja\u00e9n)<\/p>\n<p>Entrada libre hasta completar el aforo<\/p>\n","protected":false},"author":2,"featured_media":-1,"menu_order":0,"comment_status":"closed","ping_status":"closed","template":"","meta":{"_acf_changed":false,"_et_pb_use_builder":"","_et_pb_old_content":"","_et_gb_content_width":""},"tags":[],"event_type":[80],"event_type_2":[],"class_list":["post-10124","ajde_events","type-ajde_events","status-publish","has-post-thumbnail","hentry","event_location-museo-san-juan-de-la-cruz","event_type-ano-jubilar"],"acf":[],"yoast_head":"<!-- This site is optimized with the Yoast SEO plugin v27.5 - https:\/\/yoast.com\/product\/yoast-seo-wordpress\/ -->\n<title>Concierto Orfe\u00f3n &quot;Santo Reino&quot; - Museo, Casa de espiritualidad y toda la informaci\u00f3n y escritos de - San Juan de la Cruz. \u00dabeda.<\/title>\n<meta name=\"robots\" content=\"index, follow, max-snippet:-1, max-image-preview:large, max-video-preview:-1\" \/>\n<link rel=\"canonical\" href=\"https:\/\/www.sanjuandelacruzubeda.com\/en\/events\/concierto-orfeon-santo-reino\/\" \/>\n<meta property=\"og:locale\" content=\"en_US\" \/>\n<meta property=\"og:type\" content=\"article\" \/>\n<meta property=\"og:title\" content=\"Concierto Orfe\u00f3n &quot;Santo Reino&quot; - Museo, Casa de espiritualidad y toda la informaci\u00f3n y escritos de - San Juan de la Cruz. \u00dabeda.\" \/>\n<meta property=\"og:description\" content=\"El muy reputado Orfe\u00f3n \u201cSanto Reino\u201d (Ja\u00e9n) ha querido regalarnos un concierto homenaje a San Juan de la Cruz con motivo de este A\u00f1o Jubilar en su honor y, por supuesto, la comunidad de Carmelitas Descalzos hemos acogido con gusto y gratitud su oferta. Hemos organizado ese concierto contando adem\u00e1s para el transporte del Orfe\u00f3n [&hellip;]\" \/>\n<meta property=\"og:url\" content=\"https:\/\/www.sanjuandelacruzubeda.com\/en\/events\/concierto-orfeon-santo-reino\/\" \/>\n<meta property=\"og:site_name\" content=\"Museo, Casa de espiritualidad y toda la informaci\u00f3n y escritos de - San Juan de la Cruz. \u00dabeda.\" \/>\n<meta property=\"article:modified_time\" content=\"2026-03-17T11:11:55+00:00\" \/>\n<meta name=\"twitter:card\" content=\"summary_large_image\" \/>\n<meta name=\"twitter:label1\" content=\"Est. reading time\" \/>\n\t<meta name=\"twitter:data1\" content=\"1 minute\" \/>\n<script type=\"application\/ld+json\" class=\"yoast-schema-graph\">{\"@context\":\"https:\\\/\\\/schema.org\",\"@graph\":[{\"@type\":\"WebPage\",\"@id\":\"https:\\\/\\\/www.sanjuandelacruzubeda.com\\\/en\\\/events\\\/concierto-orfeon-santo-reino\\\/\",\"url\":\"https:\\\/\\\/www.sanjuandelacruzubeda.com\\\/en\\\/events\\\/concierto-orfeon-santo-reino\\\/\",\"name\":\"Concierto Orfe\u00f3n \\\"Santo Reino\\\" - Museo, Casa de espiritualidad y toda la informaci\u00f3n y escritos de - San Juan de la Cruz. \u00dabeda.\",\"isPartOf\":{\"@id\":\"https:\\\/\\\/www.sanjuandelacruzubeda.com\\\/en\\\/#website\"},\"datePublished\":\"2026-03-17T10:56:56+00:00\",\"dateModified\":\"2026-03-17T11:11:55+00:00\",\"breadcrumb\":{\"@id\":\"https:\\\/\\\/www.sanjuandelacruzubeda.com\\\/en\\\/events\\\/concierto-orfeon-santo-reino\\\/#breadcrumb\"},\"inLanguage\":\"en-US\",\"potentialAction\":[{\"@type\":\"ReadAction\",\"target\":[\"https:\\\/\\\/www.sanjuandelacruzubeda.com\\\/en\\\/events\\\/concierto-orfeon-santo-reino\\\/\"]}]},{\"@type\":\"BreadcrumbList\",\"@id\":\"https:\\\/\\\/www.sanjuandelacruzubeda.com\\\/en\\\/events\\\/concierto-orfeon-santo-reino\\\/#breadcrumb\",\"itemListElement\":[{\"@type\":\"ListItem\",\"position\":1,\"name\":\"Inicio\",\"item\":\"https:\\\/\\\/www.sanjuandelacruzubeda.com\\\/en\\\/\"},{\"@type\":\"ListItem\",\"position\":2,\"name\":\"Events\",\"item\":\"https:\\\/\\\/www.sanjuandelacruzubeda.com\\\/en\\\/events\\\/\"},{\"@type\":\"ListItem\",\"position\":3,\"name\":\"Concierto Orfe\u00f3n \u00abSanto Reino\u00bb\"}]},{\"@type\":\"WebSite\",\"@id\":\"https:\\\/\\\/www.sanjuandelacruzubeda.com\\\/en\\\/#website\",\"url\":\"https:\\\/\\\/www.sanjuandelacruzubeda.com\\\/en\\\/\",\"name\":\"Museo, Casa de espiritualidad y toda la informaci\u00f3n y escritos de - San Juan de la Cruz. \u00dabeda.\",\"description\":\"\",\"potentialAction\":[{\"@type\":\"SearchAction\",\"target\":{\"@type\":\"EntryPoint\",\"urlTemplate\":\"https:\\\/\\\/www.sanjuandelacruzubeda.com\\\/en\\\/?s={search_term_string}\"},\"query-input\":{\"@type\":\"PropertyValueSpecification\",\"valueRequired\":true,\"valueName\":\"search_term_string\"}}],\"inLanguage\":\"en-US\"}]}<\/script>\n<!-- \/ Yoast SEO plugin. -->","yoast_head_json":{"title":"Concierto Orfe\u00f3n \"Santo Reino\" - Museo, Casa de espiritualidad y toda la informaci\u00f3n y escritos de - San Juan de la Cruz. \u00dabeda.","robots":{"index":"index","follow":"follow","max-snippet":"max-snippet:-1","max-image-preview":"max-image-preview:large","max-video-preview":"max-video-preview:-1"},"canonical":"https:\/\/www.sanjuandelacruzubeda.com\/en\/events\/concierto-orfeon-santo-reino\/","og_locale":"en_US","og_type":"article","og_title":"Concierto Orfe\u00f3n \"Santo Reino\" - Museo, Casa de espiritualidad y toda la informaci\u00f3n y escritos de - San Juan de la Cruz. \u00dabeda.","og_description":"El muy reputado Orfe\u00f3n \u201cSanto Reino\u201d (Ja\u00e9n) ha querido regalarnos un concierto homenaje a San Juan de la Cruz con motivo de este A\u00f1o Jubilar en su honor y, por supuesto, la comunidad de Carmelitas Descalzos hemos acogido con gusto y gratitud su oferta. Hemos organizado ese concierto contando adem\u00e1s para el transporte del Orfe\u00f3n [&hellip;]","og_url":"https:\/\/www.sanjuandelacruzubeda.com\/en\/events\/concierto-orfeon-santo-reino\/","og_site_name":"Museo, Casa de espiritualidad y toda la informaci\u00f3n y escritos de - San Juan de la Cruz. \u00dabeda.","article_modified_time":"2026-03-17T11:11:55+00:00","twitter_card":"summary_large_image","twitter_misc":{"Est. reading time":"1 minute"},"schema":{"@context":"https:\/\/schema.org","@graph":[{"@type":"WebPage","@id":"https:\/\/www.sanjuandelacruzubeda.com\/en\/events\/concierto-orfeon-santo-reino\/","url":"https:\/\/www.sanjuandelacruzubeda.com\/en\/events\/concierto-orfeon-santo-reino\/","name":"Concierto Orfe\u00f3n \"Santo Reino\" - Museo, Casa de espiritualidad y toda la informaci\u00f3n y escritos de - San Juan de la Cruz. \u00dabeda.","isPartOf":{"@id":"https:\/\/www.sanjuandelacruzubeda.com\/en\/#website"},"datePublished":"2026-03-17T10:56:56+00:00","dateModified":"2026-03-17T11:11:55+00:00","breadcrumb":{"@id":"https:\/\/www.sanjuandelacruzubeda.com\/en\/events\/concierto-orfeon-santo-reino\/#breadcrumb"},"inLanguage":"en-US","potentialAction":[{"@type":"ReadAction","target":["https:\/\/www.sanjuandelacruzubeda.com\/en\/events\/concierto-orfeon-santo-reino\/"]}]},{"@type":"BreadcrumbList","@id":"https:\/\/www.sanjuandelacruzubeda.com\/en\/events\/concierto-orfeon-santo-reino\/#breadcrumb","itemListElement":[{"@type":"ListItem","position":1,"name":"Inicio","item":"https:\/\/www.sanjuandelacruzubeda.com\/en\/"},{"@type":"ListItem","position":2,"name":"Events","item":"https:\/\/www.sanjuandelacruzubeda.com\/en\/events\/"},{"@type":"ListItem","position":3,"name":"Concierto Orfe\u00f3n \u00abSanto Reino\u00bb"}]},{"@type":"WebSite","@id":"https:\/\/www.sanjuandelacruzubeda.com\/en\/#website","url":"https:\/\/www.sanjuandelacruzubeda.com\/en\/","name":"Museo, Casa de espiritualidad y toda la informaci\u00f3n y escritos de - San Juan de la Cruz. \u00dabeda.","description":"","potentialAction":[{"@type":"SearchAction","target":{"@type":"EntryPoint","urlTemplate":"https:\/\/www.sanjuandelacruzubeda.com\/en\/?s={search_term_string}"},"query-input":{"@type":"PropertyValueSpecification","valueRequired":true,"valueName":"search_term_string"}}],"inLanguage":"en-US"}]}},"_links":{"self":[{"href":"https:\/\/www.sanjuandelacruzubeda.com\/en\/wp-json\/wp\/v2\/ajde_events\/10124","targetHints":{"allow":["GET"]}}],"collection":[{"href":"https:\/\/www.sanjuandelacruzubeda.com\/en\/wp-json\/wp\/v2\/ajde_events"}],"about":[{"href":"https:\/\/www.sanjuandelacruzubeda.com\/en\/wp-json\/wp\/v2\/types\/ajde_events"}],"author":[{"embeddable":true,"href":"https:\/\/www.sanjuandelacruzubeda.com\/en\/wp-json\/wp\/v2\/users\/2"}],"replies":[{"embeddable":true,"href":"https:\/\/www.sanjuandelacruzubeda.com\/en\/wp-json\/wp\/v2\/comments?post=10124"}],"wp:featuredmedia":[{"embeddable":true,"href":"https:\/\/www.sanjuandelacruzubeda.com\/en\/wp-json\/"}],"wp:attachment":[{"href":"https:\/\/www.sanjuandelacruzubeda.com\/en\/wp-json\/wp\/v2\/media?parent=10124"}],"wp:term":[{"taxonomy":"post_tag","embeddable":true,"href":"https:\/\/www.sanjuandelacruzubeda.com\/en\/wp-json\/wp\/v2\/tags?post=10124"},{"taxonomy":"event_type","embeddable":true,"href":"https:\/\/www.sanjuandelacruzubeda.com\/en\/wp-json\/wp\/v2\/event_type?post=10124"},{"taxonomy":"event_type_2","embeddable":true,"href":"https:\/\/www.sanjuandelacruzubeda.com\/en\/wp-json\/wp\/v2\/event_type_2?post=10124"}],"curies":[{"name":"wp","href":"https:\/\/api.w.org\/{rel}","templated":true}]}}

Concierto Orfeón &#8220;Santo Reino&#8221;

<p>El muy reputado <a href="http://jaenescultura.dipujaen.es/grupo/162/orfeon-santo-reino">Orfeón “Santo Reino” (Jaén)</a> ha querido regalarnos un concierto homenaje a San Juan de la Cruz con motivo de este Año Jubilar en su honor y, por supuesto, la comunidad de Carmelitas Descalzos hemos acogido con gusto y gratitud su oferta. Hemos organizado ese concierto contando además para el transporte del Orfeón con el patrocinio del <a href="http://www.centroopticojesus.com">Centro Óptico Jesús</a></p>
<p>Domingo 10 de mayo de 2026 a las 12 horas<br />
Iglesia de San Miguel<br />
Calle Carmen, 13 de Úbeda (Jaén)</p>
<p>Entrada libre hasta completar el aforo</p>

<!-- This site is optimized with the Yoast SEO plugin v27.5 - https://yoast.com/product/yoast-seo-wordpress/ -->
<title>Concierto Orfeón &quot;Santo Reino&quot; - Museo, Casa de espiritualidad y toda la información y escritos de - San Juan de la Cruz. Úbeda.</title>
<meta name="robots" content="index, follow, max-snippet:-1, max-image-preview:large, max-video-preview:-1" />
<link rel="canonical" href="https://www.sanjuandelacruzubeda.com/en/events/concierto-orfeon-santo-reino/" />
<meta property="og:locale" content="en_US" />
<meta property="og:type" content="article" />
<meta property="og:title" content="Concierto Orfeón &quot;Santo Reino&quot; - Museo, Casa de espiritualidad y toda la información y escritos de - San Juan de la Cruz. Úbeda." />
<meta property="og:description" content="El muy reputado Orfeón “Santo Reino” (Jaén) ha querido regalarnos un concierto homenaje a San Juan de la Cruz con motivo de este Año Jubilar en su honor y, por supuesto, la comunidad de Carmelitas Descalzos hemos acogido con gusto y gratitud su oferta. Hemos organizado ese concierto contando además para el transporte del Orfeón [&hellip;]" />
<meta property="og:url" content="https://www.sanjuandelacruzubeda.com/en/events/concierto-orfeon-santo-reino/" />
<meta property="og:site_name" content="Museo, Casa de espiritualidad y toda la información y escritos de - San Juan de la Cruz. Úbeda." />
<meta property="article:modified_time" content="2026-03-17T11:11:55+00:00" />
<meta name="twitter:card" content="summary_large_image" />
<meta name="twitter:label1" content="Est. reading time" />
	<meta name="twitter:data1" content="1 minute" />
<script type="application/ld+json" class="yoast-schema-graph">{"@context":"https:\/\/schema.org","@graph":[{"@type":"WebPage","@id":"https:\/\/www.sanjuandelacruzubeda.com\/en\/events\/concierto-orfeon-santo-reino\/","url":"https:\/\/www.sanjuandelacruzubeda.com\/en\/events\/concierto-orfeon-santo-reino\/","name":"Concierto Orfeón \"Santo Reino\" - Museo, Casa de espiritualidad y toda la información y escritos de - San Juan de la Cruz. Úbeda.","isPartOf":{"@id":"https:\/\/www.sanjuandelacruzubeda.com\/en\/#website"},"datePublished":"2026-03-17T10:56:56+00:00","dateModified":"2026-03-17T11:11:55+00:00","breadcrumb":{"@id":"https:\/\/www.sanjuandelacruzubeda.com\/en\/events\/concierto-orfeon-santo-reino\/#breadcrumb"},"inLanguage":"en-US","potentialAction":[{"@type":"ReadAction","target":["https:\/\/www.sanjuandelacruzubeda.com\/en\/events\/concierto-orfeon-santo-reino\/"]}]},{"@type":"BreadcrumbList","@id":"https:\/\/www.sanjuandelacruzubeda.com\/en\/events\/concierto-orfeon-santo-reino\/#breadcrumb","itemListElement":[{"@type":"ListItem","position":1,"name":"Inicio","item":"https:\/\/www.sanjuandelacruzubeda.com\/en\/"},{"@type":"ListItem","position":2,"name":"Events","item":"https:\/\/www.sanjuandelacruzubeda.com\/en\/events\/"},{"@type":"ListItem","position":3,"name":"Concierto Orfeón «Santo Reino»"}]},{"@type":"WebSite","@id":"https:\/\/www.sanjuandelacruzubeda.com\/en\/#website","url":"https:\/\/www.sanjuandelacruzubeda.com\/en\/","name":"Museo, Casa de espiritualidad y toda la información y escritos de - San Juan de la Cruz. Úbeda.","description":"","potentialAction":[{"@type":"SearchAction","target":{"@type":"EntryPoint","urlTemplate":"https:\/\/www.sanjuandelacruzubeda.com\/en\/?s={search_term_string}"},"query-input":{"@type":"PropertyValueSpecification","valueRequired":true,"valueName":"search_term_string"}}],"inLanguage":"en-US"}]}</script>
<!-- / Yoast SEO plugin. -->

Concierto Orfeón "Santo Reino" - Museo, Casa de espiritualidad y toda la información y escritos de - San Juan de la Cruz. Úbeda.

El muy reputado Orfeón “Santo Reino” (Jaén) ha querido regalarnos un concierto homenaje a San Juan de la Cruz con motivo de este Año Jubilar en su honor y, por supuesto, la comunidad de Carmelitas Descalzos hemos acogido con gusto y gratitud su oferta. Hemos organizado ese concierto contando además para el transporte del Orfeón [&hellip;]

Museo, Casa de espiritualidad y toda la información y escritos de - San Juan de la Cruz. Úbeda.

Concierto Orfeón «Santo Reino»
