{"id":10041,"date":"2026-02-01T11:51:58","date_gmt":"2026-02-01T10:51:58","guid":{"rendered":"https:\/\/www.sanjuandelacruzubeda.com\/?post_type=ajde_events&#038;p=10041"},"modified":"2026-02-01T11:51:58","modified_gmt":"2026-02-01T10:51:58","slug":"exposicion-tesoros-andaluces-de-san-juan-de-la-cruz","status":"publish","type":"ajde_events","link":"https:\/\/www.sanjuandelacruzubeda.com\/en\/events\/exposicion-tesoros-andaluces-de-san-juan-de-la-cruz\/","title":{"rendered":"Exposici\u00f3n \u201cTesoros andaluces de San Juan de la Cruz\u201d"},"content":{"rendered":"<p><strong>Mi\u00e9rcoles 2 de diciembre a las 20 horas en la Sala Pintor Elbo del Hospital de Santiago<\/strong> (d\u00eda y hora pendiente a\u00fan de posible modificaci\u00f3n)<\/p>\n<p>Inauguraci\u00f3n de la magna exposici\u00f3n del A\u00f1o Jubilar Sanjuanista de 2026, compuesta por un centenar de piezas, sobre todo de los siglos XVI-XVIII, pero tambi\u00e9n con algunas preciosas muestras de arte contempor\u00e1neo: 60 cuadros y grabados, 20 esculturas, 12 libros (entre ellos, los mejores c\u00f3dices de sus obras y las primeras ediciones impresas) y varias cartas aut\u00f3grafas del santo. Es decir, las mejores y m\u00e1s preciosas huellas, en el arte y la documentaci\u00f3n, de la d\u00e9cada que vivi\u00f3 San Juan de la Cruz en nuestras tierras andaluzas. La exposici\u00f3n se prolongar\u00e1 hasta el 6 de enero<\/p>\n<p>Y si no les resultar\u00e1 factible visitarnos durante esas semanas, siempre podr\u00e1n contemplar un tercio de todas esas obras en nuestro <strong>Museo de San Juan de la Cruz<\/strong>. Por supuesto, junto a las otras m\u00e1s de doscientas que lo componen y a los hermosos lugares del convento donde se ubican; especialmente la primera iglesia que se le dedic\u00f3 en el mundo y que se construy\u00f3 a principios del siglo XVII, sobre la celda en la que muri\u00f3 y el lugar donde lo enterraron. Todo ello restaurado y muy mejorado recientemente, en vistas de este A\u00f1o Jubilar Sanjuanista. <strong>Consulte los horarios y posibilidades de visitas en esta misma p\u00e1gina web<\/strong><\/p>\n","protected":false},"author":2,"featured_media":-1,"menu_order":0,"comment_status":"closed","ping_status":"closed","template":"","meta":{"_acf_changed":false,"_et_pb_use_builder":"","_et_pb_old_content":"","_et_gb_content_width":""},"tags":[],"event_type":[80],"event_type_2":[75],"class_list":["post-10041","ajde_events","type-ajde_events","status-publish","has-post-thumbnail","hentry","event_location-hospital-de-santiago","event_type-ano-jubilar","event_type_2-insulas-extranas"],"acf":[],"yoast_head":"<!-- This site is optimized with the Yoast SEO plugin v27.5 - https:\/\/yoast.com\/product\/yoast-seo-wordpress\/ -->\n<title>Exposici\u00f3n \u201cTesoros andaluces de San Juan de la Cruz\u201d - Museo, Casa de espiritualidad y toda la informaci\u00f3n y escritos de - San Juan de la Cruz. \u00dabeda.<\/title>\n<meta name=\"robots\" content=\"index, follow, max-snippet:-1, max-image-preview:large, max-video-preview:-1\" \/>\n<link rel=\"canonical\" href=\"https:\/\/www.sanjuandelacruzubeda.com\/en\/events\/exposicion-tesoros-andaluces-de-san-juan-de-la-cruz\/\" \/>\n<meta property=\"og:locale\" content=\"en_US\" \/>\n<meta property=\"og:type\" content=\"article\" \/>\n<meta property=\"og:title\" content=\"Exposici\u00f3n \u201cTesoros andaluces de San Juan de la Cruz\u201d - Museo, Casa de espiritualidad y toda la informaci\u00f3n y escritos de - San Juan de la Cruz. \u00dabeda.\" \/>\n<meta property=\"og:description\" content=\"Mi\u00e9rcoles 2 de diciembre a las 20 horas en la Sala Pintor Elbo del Hospital de Santiago (d\u00eda y hora pendiente a\u00fan de posible modificaci\u00f3n) Inauguraci\u00f3n de la magna exposici\u00f3n del A\u00f1o Jubilar Sanjuanista de 2026, compuesta por un centenar de piezas, sobre todo de los siglos XVI-XVIII, pero tambi\u00e9n con algunas preciosas muestras de [&hellip;]\" \/>\n<meta property=\"og:url\" content=\"https:\/\/www.sanjuandelacruzubeda.com\/en\/events\/exposicion-tesoros-andaluces-de-san-juan-de-la-cruz\/\" \/>\n<meta property=\"og:site_name\" content=\"Museo, Casa de espiritualidad y toda la informaci\u00f3n y escritos de - San Juan de la Cruz. \u00dabeda.\" \/>\n<meta name=\"twitter:card\" content=\"summary_large_image\" \/>\n<meta name=\"twitter:label1\" content=\"Est. reading time\" \/>\n\t<meta name=\"twitter:data1\" content=\"2 minutes\" \/>\n<script type=\"application\/ld+json\" class=\"yoast-schema-graph\">{\"@context\":\"https:\\\/\\\/schema.org\",\"@graph\":[{\"@type\":\"WebPage\",\"@id\":\"https:\\\/\\\/www.sanjuandelacruzubeda.com\\\/en\\\/events\\\/exposicion-tesoros-andaluces-de-san-juan-de-la-cruz\\\/\",\"url\":\"https:\\\/\\\/www.sanjuandelacruzubeda.com\\\/en\\\/events\\\/exposicion-tesoros-andaluces-de-san-juan-de-la-cruz\\\/\",\"name\":\"Exposici\u00f3n \u201cTesoros andaluces de San Juan de la Cruz\u201d - Museo, Casa de espiritualidad y toda la informaci\u00f3n y escritos de - San Juan de la Cruz. \u00dabeda.\",\"isPartOf\":{\"@id\":\"https:\\\/\\\/www.sanjuandelacruzubeda.com\\\/en\\\/#website\"},\"datePublished\":\"2026-02-01T10:51:58+00:00\",\"breadcrumb\":{\"@id\":\"https:\\\/\\\/www.sanjuandelacruzubeda.com\\\/en\\\/events\\\/exposicion-tesoros-andaluces-de-san-juan-de-la-cruz\\\/#breadcrumb\"},\"inLanguage\":\"en-US\",\"potentialAction\":[{\"@type\":\"ReadAction\",\"target\":[\"https:\\\/\\\/www.sanjuandelacruzubeda.com\\\/en\\\/events\\\/exposicion-tesoros-andaluces-de-san-juan-de-la-cruz\\\/\"]}]},{\"@type\":\"BreadcrumbList\",\"@id\":\"https:\\\/\\\/www.sanjuandelacruzubeda.com\\\/en\\\/events\\\/exposicion-tesoros-andaluces-de-san-juan-de-la-cruz\\\/#breadcrumb\",\"itemListElement\":[{\"@type\":\"ListItem\",\"position\":1,\"name\":\"Inicio\",\"item\":\"https:\\\/\\\/www.sanjuandelacruzubeda.com\\\/en\\\/\"},{\"@type\":\"ListItem\",\"position\":2,\"name\":\"Events\",\"item\":\"https:\\\/\\\/www.sanjuandelacruzubeda.com\\\/en\\\/events\\\/\"},{\"@type\":\"ListItem\",\"position\":3,\"name\":\"Exposici\u00f3n \u201cTesoros andaluces de San Juan de la Cruz\u201d\"}]},{\"@type\":\"WebSite\",\"@id\":\"https:\\\/\\\/www.sanjuandelacruzubeda.com\\\/en\\\/#website\",\"url\":\"https:\\\/\\\/www.sanjuandelacruzubeda.com\\\/en\\\/\",\"name\":\"Museo, Casa de espiritualidad y toda la informaci\u00f3n y escritos de - San Juan de la Cruz. \u00dabeda.\",\"description\":\"\",\"potentialAction\":[{\"@type\":\"SearchAction\",\"target\":{\"@type\":\"EntryPoint\",\"urlTemplate\":\"https:\\\/\\\/www.sanjuandelacruzubeda.com\\\/en\\\/?s={search_term_string}\"},\"query-input\":{\"@type\":\"PropertyValueSpecification\",\"valueRequired\":true,\"valueName\":\"search_term_string\"}}],\"inLanguage\":\"en-US\"}]}<\/script>\n<!-- \/ Yoast SEO plugin. -->","yoast_head_json":{"title":"Exposici\u00f3n \u201cTesoros andaluces de San Juan de la Cruz\u201d - Museo, Casa de espiritualidad y toda la informaci\u00f3n y escritos de - San Juan de la Cruz. \u00dabeda.","robots":{"index":"index","follow":"follow","max-snippet":"max-snippet:-1","max-image-preview":"max-image-preview:large","max-video-preview":"max-video-preview:-1"},"canonical":"https:\/\/www.sanjuandelacruzubeda.com\/en\/events\/exposicion-tesoros-andaluces-de-san-juan-de-la-cruz\/","og_locale":"en_US","og_type":"article","og_title":"Exposici\u00f3n \u201cTesoros andaluces de San Juan de la Cruz\u201d - Museo, Casa de espiritualidad y toda la informaci\u00f3n y escritos de - San Juan de la Cruz. \u00dabeda.","og_description":"Mi\u00e9rcoles 2 de diciembre a las 20 horas en la Sala Pintor Elbo del Hospital de Santiago (d\u00eda y hora pendiente a\u00fan de posible modificaci\u00f3n) Inauguraci\u00f3n de la magna exposici\u00f3n del A\u00f1o Jubilar Sanjuanista de 2026, compuesta por un centenar de piezas, sobre todo de los siglos XVI-XVIII, pero tambi\u00e9n con algunas preciosas muestras de [&hellip;]","og_url":"https:\/\/www.sanjuandelacruzubeda.com\/en\/events\/exposicion-tesoros-andaluces-de-san-juan-de-la-cruz\/","og_site_name":"Museo, Casa de espiritualidad y toda la informaci\u00f3n y escritos de - San Juan de la Cruz. \u00dabeda.","twitter_card":"summary_large_image","twitter_misc":{"Est. reading time":"2 minutes"},"schema":{"@context":"https:\/\/schema.org","@graph":[{"@type":"WebPage","@id":"https:\/\/www.sanjuandelacruzubeda.com\/en\/events\/exposicion-tesoros-andaluces-de-san-juan-de-la-cruz\/","url":"https:\/\/www.sanjuandelacruzubeda.com\/en\/events\/exposicion-tesoros-andaluces-de-san-juan-de-la-cruz\/","name":"Exposici\u00f3n \u201cTesoros andaluces de San Juan de la Cruz\u201d - Museo, Casa de espiritualidad y toda la informaci\u00f3n y escritos de - San Juan de la Cruz. \u00dabeda.","isPartOf":{"@id":"https:\/\/www.sanjuandelacruzubeda.com\/en\/#website"},"datePublished":"2026-02-01T10:51:58+00:00","breadcrumb":{"@id":"https:\/\/www.sanjuandelacruzubeda.com\/en\/events\/exposicion-tesoros-andaluces-de-san-juan-de-la-cruz\/#breadcrumb"},"inLanguage":"en-US","potentialAction":[{"@type":"ReadAction","target":["https:\/\/www.sanjuandelacruzubeda.com\/en\/events\/exposicion-tesoros-andaluces-de-san-juan-de-la-cruz\/"]}]},{"@type":"BreadcrumbList","@id":"https:\/\/www.sanjuandelacruzubeda.com\/en\/events\/exposicion-tesoros-andaluces-de-san-juan-de-la-cruz\/#breadcrumb","itemListElement":[{"@type":"ListItem","position":1,"name":"Inicio","item":"https:\/\/www.sanjuandelacruzubeda.com\/en\/"},{"@type":"ListItem","position":2,"name":"Events","item":"https:\/\/www.sanjuandelacruzubeda.com\/en\/events\/"},{"@type":"ListItem","position":3,"name":"Exposici\u00f3n \u201cTesoros andaluces de San Juan de la Cruz\u201d"}]},{"@type":"WebSite","@id":"https:\/\/www.sanjuandelacruzubeda.com\/en\/#website","url":"https:\/\/www.sanjuandelacruzubeda.com\/en\/","name":"Museo, Casa de espiritualidad y toda la informaci\u00f3n y escritos de - San Juan de la Cruz. \u00dabeda.","description":"","potentialAction":[{"@type":"SearchAction","target":{"@type":"EntryPoint","urlTemplate":"https:\/\/www.sanjuandelacruzubeda.com\/en\/?s={search_term_string}"},"query-input":{"@type":"PropertyValueSpecification","valueRequired":true,"valueName":"search_term_string"}}],"inLanguage":"en-US"}]}},"_links":{"self":[{"href":"https:\/\/www.sanjuandelacruzubeda.com\/en\/wp-json\/wp\/v2\/ajde_events\/10041","targetHints":{"allow":["GET"]}}],"collection":[{"href":"https:\/\/www.sanjuandelacruzubeda.com\/en\/wp-json\/wp\/v2\/ajde_events"}],"about":[{"href":"https:\/\/www.sanjuandelacruzubeda.com\/en\/wp-json\/wp\/v2\/types\/ajde_events"}],"author":[{"embeddable":true,"href":"https:\/\/www.sanjuandelacruzubeda.com\/en\/wp-json\/wp\/v2\/users\/2"}],"replies":[{"embeddable":true,"href":"https:\/\/www.sanjuandelacruzubeda.com\/en\/wp-json\/wp\/v2\/comments?post=10041"}],"wp:featuredmedia":[{"embeddable":true,"href":"https:\/\/www.sanjuandelacruzubeda.com\/en\/wp-json\/"}],"wp:attachment":[{"href":"https:\/\/www.sanjuandelacruzubeda.com\/en\/wp-json\/wp\/v2\/media?parent=10041"}],"wp:term":[{"taxonomy":"post_tag","embeddable":true,"href":"https:\/\/www.sanjuandelacruzubeda.com\/en\/wp-json\/wp\/v2\/tags?post=10041"},{"taxonomy":"event_type","embeddable":true,"href":"https:\/\/www.sanjuandelacruzubeda.com\/en\/wp-json\/wp\/v2\/event_type?post=10041"},{"taxonomy":"event_type_2","embeddable":true,"href":"https:\/\/www.sanjuandelacruzubeda.com\/en\/wp-json\/wp\/v2\/event_type_2?post=10041"}],"curies":[{"name":"wp","href":"https:\/\/api.w.org\/{rel}","templated":true}]}}

Exposición “Tesoros andaluces de San Juan de la Cruz”

<p><strong>Miércoles 2 de diciembre a las 20 horas en la Sala Pintor Elbo del Hospital de Santiago</strong> (día y hora pendiente aún de posible modificación)</p>
<p>Inauguración de la magna exposición del Año Jubilar Sanjuanista de 2026, compuesta por un centenar de piezas, sobre todo de los siglos XVI-XVIII, pero también con algunas preciosas muestras de arte contemporáneo: 60 cuadros y grabados, 20 esculturas, 12 libros (entre ellos, los mejores códices de sus obras y las primeras ediciones impresas) y varias cartas autógrafas del santo. Es decir, las mejores y más preciosas huellas, en el arte y la documentación, de la década que vivió San Juan de la Cruz en nuestras tierras andaluzas. La exposición se prolongará hasta el 6 de enero</p>
<p>Y si no les resultará factible visitarnos durante esas semanas, siempre podrán contemplar un tercio de todas esas obras en nuestro <strong>Museo de San Juan de la Cruz</strong>. Por supuesto, junto a las otras más de doscientas que lo componen y a los hermosos lugares del convento donde se ubican; especialmente la primera iglesia que se le dedicó en el mundo y que se construyó a principios del siglo XVII, sobre la celda en la que murió y el lugar donde lo enterraron. Todo ello restaurado y muy mejorado recientemente, en vistas de este Año Jubilar Sanjuanista. <strong>Consulte los horarios y posibilidades de visitas en esta misma página web</strong></p>

<!-- This site is optimized with the Yoast SEO plugin v27.5 - https://yoast.com/product/yoast-seo-wordpress/ -->
<title>Exposición “Tesoros andaluces de San Juan de la Cruz” - Museo, Casa de espiritualidad y toda la información y escritos de - San Juan de la Cruz. Úbeda.</title>
<meta name="robots" content="index, follow, max-snippet:-1, max-image-preview:large, max-video-preview:-1" />
<link rel="canonical" href="https://www.sanjuandelacruzubeda.com/en/events/exposicion-tesoros-andaluces-de-san-juan-de-la-cruz/" />
<meta property="og:locale" content="en_US" />
<meta property="og:type" content="article" />
<meta property="og:title" content="Exposición “Tesoros andaluces de San Juan de la Cruz” - Museo, Casa de espiritualidad y toda la información y escritos de - San Juan de la Cruz. Úbeda." />
<meta property="og:description" content="Miércoles 2 de diciembre a las 20 horas en la Sala Pintor Elbo del Hospital de Santiago (día y hora pendiente aún de posible modificación) Inauguración de la magna exposición del Año Jubilar Sanjuanista de 2026, compuesta por un centenar de piezas, sobre todo de los siglos XVI-XVIII, pero también con algunas preciosas muestras de [&hellip;]" />
<meta property="og:url" content="https://www.sanjuandelacruzubeda.com/en/events/exposicion-tesoros-andaluces-de-san-juan-de-la-cruz/" />
<meta property="og:site_name" content="Museo, Casa de espiritualidad y toda la información y escritos de - San Juan de la Cruz. Úbeda." />
<meta name="twitter:card" content="summary_large_image" />
<meta name="twitter:label1" content="Est. reading time" />
	<meta name="twitter:data1" content="2 minutes" />
<script type="application/ld+json" class="yoast-schema-graph">{"@context":"https:\/\/schema.org","@graph":[{"@type":"WebPage","@id":"https:\/\/www.sanjuandelacruzubeda.com\/en\/events\/exposicion-tesoros-andaluces-de-san-juan-de-la-cruz\/","url":"https:\/\/www.sanjuandelacruzubeda.com\/en\/events\/exposicion-tesoros-andaluces-de-san-juan-de-la-cruz\/","name":"Exposición “Tesoros andaluces de San Juan de la Cruz” - Museo, Casa de espiritualidad y toda la información y escritos de - San Juan de la Cruz. Úbeda.","isPartOf":{"@id":"https:\/\/www.sanjuandelacruzubeda.com\/en\/#website"},"datePublished":"2026-02-01T10:51:58+00:00","breadcrumb":{"@id":"https:\/\/www.sanjuandelacruzubeda.com\/en\/events\/exposicion-tesoros-andaluces-de-san-juan-de-la-cruz\/#breadcrumb"},"inLanguage":"en-US","potentialAction":[{"@type":"ReadAction","target":["https:\/\/www.sanjuandelacruzubeda.com\/en\/events\/exposicion-tesoros-andaluces-de-san-juan-de-la-cruz\/"]}]},{"@type":"BreadcrumbList","@id":"https:\/\/www.sanjuandelacruzubeda.com\/en\/events\/exposicion-tesoros-andaluces-de-san-juan-de-la-cruz\/#breadcrumb","itemListElement":[{"@type":"ListItem","position":1,"name":"Inicio","item":"https:\/\/www.sanjuandelacruzubeda.com\/en\/"},{"@type":"ListItem","position":2,"name":"Events","item":"https:\/\/www.sanjuandelacruzubeda.com\/en\/events\/"},{"@type":"ListItem","position":3,"name":"Exposición “Tesoros andaluces de San Juan de la Cruz”"}]},{"@type":"WebSite","@id":"https:\/\/www.sanjuandelacruzubeda.com\/en\/#website","url":"https:\/\/www.sanjuandelacruzubeda.com\/en\/","name":"Museo, Casa de espiritualidad y toda la información y escritos de - San Juan de la Cruz. Úbeda.","description":"","potentialAction":[{"@type":"SearchAction","target":{"@type":"EntryPoint","urlTemplate":"https:\/\/www.sanjuandelacruzubeda.com\/en\/?s={search_term_string}"},"query-input":{"@type":"PropertyValueSpecification","valueRequired":true,"valueName":"search_term_string"}}],"inLanguage":"en-US"}]}</script>
<!-- / Yoast SEO plugin. -->

Exposición “Tesoros andaluces de San Juan de la Cruz” - Museo, Casa de espiritualidad y toda la información y escritos de - San Juan de la Cruz. Úbeda.

Miércoles 2 de diciembre a las 20 horas en la Sala Pintor Elbo del Hospital de Santiago (día y hora pendiente aún de posible modificación) Inauguración de la magna exposición del Año Jubilar Sanjuanista de 2026, compuesta por un centenar de piezas, sobre todo de los siglos XVI-XVIII, pero también con algunas preciosas muestras de [&hellip;]

Museo, Casa de espiritualidad y toda la información y escritos de - San Juan de la Cruz. Úbeda.
