{"id":10037,"date":"2026-01-31T17:51:05","date_gmt":"2026-01-31T16:51:05","guid":{"rendered":"https:\/\/www.sanjuandelacruzubeda.com\/?post_type=ajde_events&#038;p=10037"},"modified":"2026-01-31T17:51:05","modified_gmt":"2026-01-31T16:51:05","slug":"49a-semana-sanjuanista","status":"publish","type":"ajde_events","link":"https:\/\/www.sanjuandelacruzubeda.com\/en\/events\/49a-semana-sanjuanista\/","title":{"rendered":"49\u00aa Semana Sanjuanista"},"content":{"rendered":"<p><strong>Del lunes 19 de octubre al viernes 23: Ciclo de conferencias a las 20 horas en el Hospital de Santiago <\/strong><br \/>\nIsabel Ordaz, protagonista de la inauguraci\u00f3n de esta edici\u00f3n de la Semana Sanjuanista, es adem\u00e1s una gran conocedora de nuestro santo m\u00edstico y poeta y una estupenda comunicadora y amante del lenguaje y la palabra precisa (poeta ella tambi\u00e9n), por lo cual ser\u00e1 la primera de nuestras conferenciantes el lunes d\u00eda 19. Y el segundo de ellos, un pensador y escritor de enorme y entra\u00f1able calidad: Josep Maria Esquirol, fil\u00f3sofo y Premio Nacional de Ensayo 2016. Sus conferencias se llevar\u00e1n a cabo en el Auditorio del Hospital de Santiago. Y los siguientes tres d\u00edas (21-23 de octubre), a la misma hora y en la sala Julio Corzo del Hospital de Santiago, impartir\u00e1n sendas conferencias Sof\u00eda Ugena-Sancho, escritora y pensadora; Ram\u00f3n Andr\u00e9s, poeta y ensayista, miembro de las reales academias de Belles Arts de Sant Jordi y de Bellas Artes de San Fernando; y Fray Miguel M\u00e1rquez Calle, Prep\u00f3sito General de los Carmelitas Descalzos. Para todas las conferencias la entrada es libre hasta completar el aforo y, adem\u00e1s, retransmisi\u00f3n streaming por el canal de la UNED y por los canales de nuestro Museo<br \/>\n<strong>En agosto publicaremos los t\u00edtulos que los autores han elegido para sus conferencias<\/strong><\/p>\n<p><strong>S\u00e1bado d\u00eda 24, Iglesia de san Miguel (Carmelitas Descalzos)<\/strong><br \/>\nA las 20 horas: Eucarist\u00eda de clausura<br \/>\nPreside: Fray Miguel M\u00e1rquez Calle, Prep\u00f3sito General de los Carmelitas Descalzos<br \/>\nCapilla musical: Coro Llama de Amor Viva<\/p>\n<p>Programas e informaci\u00f3n de las \u00faltimas ediciones: <a href=\"https:\/\/www.sanjuandelacruzubeda.com\/48-semana-sanjuanista\/\" target=\"_blank\" rel=\"noopener\">Hist\u00f3rico Semana Sanjuanista<\/a><\/p>\n<p>V\u00eddeos de las conferencias de las \u00faltimas ediciones: <a href=\"https:\/\/www.youtube.com\/c\/CARMELITASDESCALZOS%C3%9ABEDA\/playlists\" target=\"_blank\" rel=\"noopener\">Conferencias Semana Sanjuanista<\/a><\/p>\n","protected":false},"author":2,"featured_media":-1,"menu_order":0,"comment_status":"closed","ping_status":"closed","template":"","meta":{"_acf_changed":false,"_et_pb_use_builder":"","_et_pb_old_content":"","_et_gb_content_width":""},"tags":[],"event_type":[80],"event_type_2":[75],"class_list":["post-10037","ajde_events","type-ajde_events","status-publish","has-post-thumbnail","hentry","event_location-hospital-de-santiago","event_type-ano-jubilar","event_type_2-insulas-extranas"],"acf":[],"yoast_head":"<!-- This site is optimized with the Yoast SEO plugin v27.5 - https:\/\/yoast.com\/product\/yoast-seo-wordpress\/ -->\n<title>49\u00aa Semana Sanjuanista - Museo, Casa de espiritualidad y toda la informaci\u00f3n y escritos de - San Juan de la Cruz. \u00dabeda.<\/title>\n<meta name=\"robots\" content=\"index, follow, max-snippet:-1, max-image-preview:large, max-video-preview:-1\" \/>\n<link rel=\"canonical\" href=\"https:\/\/www.sanjuandelacruzubeda.com\/en\/events\/49a-semana-sanjuanista\/\" \/>\n<meta property=\"og:locale\" content=\"en_US\" \/>\n<meta property=\"og:type\" content=\"article\" \/>\n<meta property=\"og:title\" content=\"49\u00aa Semana Sanjuanista - Museo, Casa de espiritualidad y toda la informaci\u00f3n y escritos de - San Juan de la Cruz. \u00dabeda.\" \/>\n<meta property=\"og:description\" content=\"Del lunes 19 de octubre al viernes 23: Ciclo de conferencias a las 20 horas en el Hospital de Santiago Isabel Ordaz, protagonista de la inauguraci\u00f3n de esta edici\u00f3n de la Semana Sanjuanista, es adem\u00e1s una gran conocedora de nuestro santo m\u00edstico y poeta y una estupenda comunicadora y amante del lenguaje y la palabra [&hellip;]\" \/>\n<meta property=\"og:url\" content=\"https:\/\/www.sanjuandelacruzubeda.com\/en\/events\/49a-semana-sanjuanista\/\" \/>\n<meta property=\"og:site_name\" content=\"Museo, Casa de espiritualidad y toda la informaci\u00f3n y escritos de - San Juan de la Cruz. \u00dabeda.\" \/>\n<meta name=\"twitter:card\" content=\"summary_large_image\" \/>\n<meta name=\"twitter:label1\" content=\"Est. reading time\" \/>\n\t<meta name=\"twitter:data1\" content=\"2 minutes\" \/>\n<script type=\"application\/ld+json\" class=\"yoast-schema-graph\">{\"@context\":\"https:\\\/\\\/schema.org\",\"@graph\":[{\"@type\":\"WebPage\",\"@id\":\"https:\\\/\\\/www.sanjuandelacruzubeda.com\\\/en\\\/events\\\/49a-semana-sanjuanista\\\/\",\"url\":\"https:\\\/\\\/www.sanjuandelacruzubeda.com\\\/en\\\/events\\\/49a-semana-sanjuanista\\\/\",\"name\":\"49\u00aa Semana Sanjuanista - Museo, Casa de espiritualidad y toda la informaci\u00f3n y escritos de - San Juan de la Cruz. \u00dabeda.\",\"isPartOf\":{\"@id\":\"https:\\\/\\\/www.sanjuandelacruzubeda.com\\\/en\\\/#website\"},\"datePublished\":\"2026-01-31T16:51:05+00:00\",\"breadcrumb\":{\"@id\":\"https:\\\/\\\/www.sanjuandelacruzubeda.com\\\/en\\\/events\\\/49a-semana-sanjuanista\\\/#breadcrumb\"},\"inLanguage\":\"en-US\",\"potentialAction\":[{\"@type\":\"ReadAction\",\"target\":[\"https:\\\/\\\/www.sanjuandelacruzubeda.com\\\/en\\\/events\\\/49a-semana-sanjuanista\\\/\"]}]},{\"@type\":\"BreadcrumbList\",\"@id\":\"https:\\\/\\\/www.sanjuandelacruzubeda.com\\\/en\\\/events\\\/49a-semana-sanjuanista\\\/#breadcrumb\",\"itemListElement\":[{\"@type\":\"ListItem\",\"position\":1,\"name\":\"Inicio\",\"item\":\"https:\\\/\\\/www.sanjuandelacruzubeda.com\\\/en\\\/\"},{\"@type\":\"ListItem\",\"position\":2,\"name\":\"Events\",\"item\":\"https:\\\/\\\/www.sanjuandelacruzubeda.com\\\/en\\\/events\\\/\"},{\"@type\":\"ListItem\",\"position\":3,\"name\":\"49\u00aa Semana Sanjuanista\"}]},{\"@type\":\"WebSite\",\"@id\":\"https:\\\/\\\/www.sanjuandelacruzubeda.com\\\/en\\\/#website\",\"url\":\"https:\\\/\\\/www.sanjuandelacruzubeda.com\\\/en\\\/\",\"name\":\"Museo, Casa de espiritualidad y toda la informaci\u00f3n y escritos de - San Juan de la Cruz. \u00dabeda.\",\"description\":\"\",\"potentialAction\":[{\"@type\":\"SearchAction\",\"target\":{\"@type\":\"EntryPoint\",\"urlTemplate\":\"https:\\\/\\\/www.sanjuandelacruzubeda.com\\\/en\\\/?s={search_term_string}\"},\"query-input\":{\"@type\":\"PropertyValueSpecification\",\"valueRequired\":true,\"valueName\":\"search_term_string\"}}],\"inLanguage\":\"en-US\"}]}<\/script>\n<!-- \/ Yoast SEO plugin. -->","yoast_head_json":{"title":"49\u00aa Semana Sanjuanista - Museo, Casa de espiritualidad y toda la informaci\u00f3n y escritos de - San Juan de la Cruz. \u00dabeda.","robots":{"index":"index","follow":"follow","max-snippet":"max-snippet:-1","max-image-preview":"max-image-preview:large","max-video-preview":"max-video-preview:-1"},"canonical":"https:\/\/www.sanjuandelacruzubeda.com\/en\/events\/49a-semana-sanjuanista\/","og_locale":"en_US","og_type":"article","og_title":"49\u00aa Semana Sanjuanista - Museo, Casa de espiritualidad y toda la informaci\u00f3n y escritos de - San Juan de la Cruz. \u00dabeda.","og_description":"Del lunes 19 de octubre al viernes 23: Ciclo de conferencias a las 20 horas en el Hospital de Santiago Isabel Ordaz, protagonista de la inauguraci\u00f3n de esta edici\u00f3n de la Semana Sanjuanista, es adem\u00e1s una gran conocedora de nuestro santo m\u00edstico y poeta y una estupenda comunicadora y amante del lenguaje y la palabra [&hellip;]","og_url":"https:\/\/www.sanjuandelacruzubeda.com\/en\/events\/49a-semana-sanjuanista\/","og_site_name":"Museo, Casa de espiritualidad y toda la informaci\u00f3n y escritos de - San Juan de la Cruz. \u00dabeda.","twitter_card":"summary_large_image","twitter_misc":{"Est. reading time":"2 minutes"},"schema":{"@context":"https:\/\/schema.org","@graph":[{"@type":"WebPage","@id":"https:\/\/www.sanjuandelacruzubeda.com\/en\/events\/49a-semana-sanjuanista\/","url":"https:\/\/www.sanjuandelacruzubeda.com\/en\/events\/49a-semana-sanjuanista\/","name":"49\u00aa Semana Sanjuanista - Museo, Casa de espiritualidad y toda la informaci\u00f3n y escritos de - San Juan de la Cruz. \u00dabeda.","isPartOf":{"@id":"https:\/\/www.sanjuandelacruzubeda.com\/en\/#website"},"datePublished":"2026-01-31T16:51:05+00:00","breadcrumb":{"@id":"https:\/\/www.sanjuandelacruzubeda.com\/en\/events\/49a-semana-sanjuanista\/#breadcrumb"},"inLanguage":"en-US","potentialAction":[{"@type":"ReadAction","target":["https:\/\/www.sanjuandelacruzubeda.com\/en\/events\/49a-semana-sanjuanista\/"]}]},{"@type":"BreadcrumbList","@id":"https:\/\/www.sanjuandelacruzubeda.com\/en\/events\/49a-semana-sanjuanista\/#breadcrumb","itemListElement":[{"@type":"ListItem","position":1,"name":"Inicio","item":"https:\/\/www.sanjuandelacruzubeda.com\/en\/"},{"@type":"ListItem","position":2,"name":"Events","item":"https:\/\/www.sanjuandelacruzubeda.com\/en\/events\/"},{"@type":"ListItem","position":3,"name":"49\u00aa Semana Sanjuanista"}]},{"@type":"WebSite","@id":"https:\/\/www.sanjuandelacruzubeda.com\/en\/#website","url":"https:\/\/www.sanjuandelacruzubeda.com\/en\/","name":"Museo, Casa de espiritualidad y toda la informaci\u00f3n y escritos de - San Juan de la Cruz. \u00dabeda.","description":"","potentialAction":[{"@type":"SearchAction","target":{"@type":"EntryPoint","urlTemplate":"https:\/\/www.sanjuandelacruzubeda.com\/en\/?s={search_term_string}"},"query-input":{"@type":"PropertyValueSpecification","valueRequired":true,"valueName":"search_term_string"}}],"inLanguage":"en-US"}]}},"_links":{"self":[{"href":"https:\/\/www.sanjuandelacruzubeda.com\/en\/wp-json\/wp\/v2\/ajde_events\/10037","targetHints":{"allow":["GET"]}}],"collection":[{"href":"https:\/\/www.sanjuandelacruzubeda.com\/en\/wp-json\/wp\/v2\/ajde_events"}],"about":[{"href":"https:\/\/www.sanjuandelacruzubeda.com\/en\/wp-json\/wp\/v2\/types\/ajde_events"}],"author":[{"embeddable":true,"href":"https:\/\/www.sanjuandelacruzubeda.com\/en\/wp-json\/wp\/v2\/users\/2"}],"replies":[{"embeddable":true,"href":"https:\/\/www.sanjuandelacruzubeda.com\/en\/wp-json\/wp\/v2\/comments?post=10037"}],"wp:featuredmedia":[{"embeddable":true,"href":"https:\/\/www.sanjuandelacruzubeda.com\/en\/wp-json\/"}],"wp:attachment":[{"href":"https:\/\/www.sanjuandelacruzubeda.com\/en\/wp-json\/wp\/v2\/media?parent=10037"}],"wp:term":[{"taxonomy":"post_tag","embeddable":true,"href":"https:\/\/www.sanjuandelacruzubeda.com\/en\/wp-json\/wp\/v2\/tags?post=10037"},{"taxonomy":"event_type","embeddable":true,"href":"https:\/\/www.sanjuandelacruzubeda.com\/en\/wp-json\/wp\/v2\/event_type?post=10037"},{"taxonomy":"event_type_2","embeddable":true,"href":"https:\/\/www.sanjuandelacruzubeda.com\/en\/wp-json\/wp\/v2\/event_type_2?post=10037"}],"curies":[{"name":"wp","href":"https:\/\/api.w.org\/{rel}","templated":true}]}}

49ª Semana Sanjuanista

<p><strong>Del lunes 19 de octubre al viernes 23: Ciclo de conferencias a las 20 horas en el Hospital de Santiago </strong><br />
Isabel Ordaz, protagonista de la inauguración de esta edición de la Semana Sanjuanista, es además una gran conocedora de nuestro santo místico y poeta y una estupenda comunicadora y amante del lenguaje y la palabra precisa (poeta ella también), por lo cual será la primera de nuestras conferenciantes el lunes día 19. Y el segundo de ellos, un pensador y escritor de enorme y entrañable calidad: Josep Maria Esquirol, filósofo y Premio Nacional de Ensayo 2016. Sus conferencias se llevarán a cabo en el Auditorio del Hospital de Santiago. Y los siguientes tres días (21-23 de octubre), a la misma hora y en la sala Julio Corzo del Hospital de Santiago, impartirán sendas conferencias Sofía Ugena-Sancho, escritora y pensadora; Ramón Andrés, poeta y ensayista, miembro de las reales academias de Belles Arts de Sant Jordi y de Bellas Artes de San Fernando; y Fray Miguel Márquez Calle, Prepósito General de los Carmelitas Descalzos. Para todas las conferencias la entrada es libre hasta completar el aforo y, además, retransmisión streaming por el canal de la UNED y por los canales de nuestro Museo<br />
<strong>En agosto publicaremos los títulos que los autores han elegido para sus conferencias</strong></p>
<p><strong>Sábado día 24, Iglesia de san Miguel (Carmelitas Descalzos)</strong><br />
A las 20 horas: Eucaristía de clausura<br />
Preside: Fray Miguel Márquez Calle, Prepósito General de los Carmelitas Descalzos<br />
Capilla musical: Coro Llama de Amor Viva</p>
<p>Programas e información de las últimas ediciones: <a href="https://www.sanjuandelacruzubeda.com/48-semana-sanjuanista/" target="_blank" rel="noopener">Histórico Semana Sanjuanista</a></p>
<p>Vídeos de las conferencias de las últimas ediciones: <a href="https://www.youtube.com/c/CARMELITASDESCALZOS%C3%9ABEDA/playlists" target="_blank" rel="noopener">Conferencias Semana Sanjuanista</a></p>

<!-- This site is optimized with the Yoast SEO plugin v27.5 - https://yoast.com/product/yoast-seo-wordpress/ -->
<title>49ª Semana Sanjuanista - Museo, Casa de espiritualidad y toda la información y escritos de - San Juan de la Cruz. Úbeda.</title>
<meta name="robots" content="index, follow, max-snippet:-1, max-image-preview:large, max-video-preview:-1" />
<link rel="canonical" href="https://www.sanjuandelacruzubeda.com/en/events/49a-semana-sanjuanista/" />
<meta property="og:locale" content="en_US" />
<meta property="og:type" content="article" />
<meta property="og:title" content="49ª Semana Sanjuanista - Museo, Casa de espiritualidad y toda la información y escritos de - San Juan de la Cruz. Úbeda." />
<meta property="og:description" content="Del lunes 19 de octubre al viernes 23: Ciclo de conferencias a las 20 horas en el Hospital de Santiago Isabel Ordaz, protagonista de la inauguración de esta edición de la Semana Sanjuanista, es además una gran conocedora de nuestro santo místico y poeta y una estupenda comunicadora y amante del lenguaje y la palabra [&hellip;]" />
<meta property="og:url" content="https://www.sanjuandelacruzubeda.com/en/events/49a-semana-sanjuanista/" />
<meta property="og:site_name" content="Museo, Casa de espiritualidad y toda la información y escritos de - San Juan de la Cruz. Úbeda." />
<meta name="twitter:card" content="summary_large_image" />
<meta name="twitter:label1" content="Est. reading time" />
	<meta name="twitter:data1" content="2 minutes" />
<script type="application/ld+json" class="yoast-schema-graph">{"@context":"https:\/\/schema.org","@graph":[{"@type":"WebPage","@id":"https:\/\/www.sanjuandelacruzubeda.com\/en\/events\/49a-semana-sanjuanista\/","url":"https:\/\/www.sanjuandelacruzubeda.com\/en\/events\/49a-semana-sanjuanista\/","name":"49ª Semana Sanjuanista - Museo, Casa de espiritualidad y toda la información y escritos de - San Juan de la Cruz. Úbeda.","isPartOf":{"@id":"https:\/\/www.sanjuandelacruzubeda.com\/en\/#website"},"datePublished":"2026-01-31T16:51:05+00:00","breadcrumb":{"@id":"https:\/\/www.sanjuandelacruzubeda.com\/en\/events\/49a-semana-sanjuanista\/#breadcrumb"},"inLanguage":"en-US","potentialAction":[{"@type":"ReadAction","target":["https:\/\/www.sanjuandelacruzubeda.com\/en\/events\/49a-semana-sanjuanista\/"]}]},{"@type":"BreadcrumbList","@id":"https:\/\/www.sanjuandelacruzubeda.com\/en\/events\/49a-semana-sanjuanista\/#breadcrumb","itemListElement":[{"@type":"ListItem","position":1,"name":"Inicio","item":"https:\/\/www.sanjuandelacruzubeda.com\/en\/"},{"@type":"ListItem","position":2,"name":"Events","item":"https:\/\/www.sanjuandelacruzubeda.com\/en\/events\/"},{"@type":"ListItem","position":3,"name":"49ª Semana Sanjuanista"}]},{"@type":"WebSite","@id":"https:\/\/www.sanjuandelacruzubeda.com\/en\/#website","url":"https:\/\/www.sanjuandelacruzubeda.com\/en\/","name":"Museo, Casa de espiritualidad y toda la información y escritos de - San Juan de la Cruz. Úbeda.","description":"","potentialAction":[{"@type":"SearchAction","target":{"@type":"EntryPoint","urlTemplate":"https:\/\/www.sanjuandelacruzubeda.com\/en\/?s={search_term_string}"},"query-input":{"@type":"PropertyValueSpecification","valueRequired":true,"valueName":"search_term_string"}}],"inLanguage":"en-US"}]}</script>
<!-- / Yoast SEO plugin. -->

49ª Semana Sanjuanista - Museo, Casa de espiritualidad y toda la información y escritos de - San Juan de la Cruz. Úbeda.

Del lunes 19 de octubre al viernes 23: Ciclo de conferencias a las 20 horas en el Hospital de Santiago Isabel Ordaz, protagonista de la inauguración de esta edición de la Semana Sanjuanista, es además una gran conocedora de nuestro santo místico y poeta y una estupenda comunicadora y amante del lenguaje y la palabra [&hellip;]

Museo, Casa de espiritualidad y toda la información y escritos de - San Juan de la Cruz. Úbeda.
