{"id":10035,"date":"2026-01-31T13:26:23","date_gmt":"2026-01-31T12:26:23","guid":{"rendered":"https:\/\/www.sanjuandelacruzubeda.com\/?post_type=ajde_events&#038;p=10035"},"modified":"2026-03-20T23:33:29","modified_gmt":"2026-03-20T22:33:29","slug":"flamenco-y-san-juan-de-la-cruz","status":"publish","type":"ajde_events","link":"https:\/\/www.sanjuandelacruzubeda.com\/en\/events\/flamenco-y-san-juan-de-la-cruz\/","title":{"rendered":"Flamenco y San Juan de la Cruz"},"content":{"rendered":"<p>Dentro de la programaci\u00f3n del festival \u201cFlamencos y Mestizos\u201d, dirigido por Paco Ortega, la fil\u00f3sofa y escritora Nuria Barros impartir\u00e1 la conferencia <strong>San Juan de la Cruz en el Flamenco<\/strong>, acompa\u00f1ada por el guitarrista Jos\u00e9 Romero \u2018Torro\u2019 y la cantaora Bel\u00e9n Vega, para ir entrelazando la poes\u00eda del santo y la m\u00fasica flamenca, con los episodios de su propia vida, \u201cque se muestra ante nosotros como un incre\u00edble <em>via crucis<\/em>\u201d, en palabras de la misma Nuria Barrios<\/p>\n<p>M\u00e1s informaci\u00f3n sobre los protagonistas: <a href=\"https:\/\/festivalesdeubeda.com\/event\/nuria-barrios\/\">NUR\u00cdA BARRIOS Conferencia San Juan de la Cruz en el Flamenco &#8211; \u00dabeda de Festivales<\/a><\/p>\n<p>J<strong>ueves 7 de mayo de 2026 de las 21 a las 22:30 horas<\/strong><br \/>\nLugar: jard\u00edn del Convento y Museo San Juan de la Cruz<br \/>\nCalle Carmen, 13 de \u00dabeda (Ja\u00e9n)<\/p>\n<p>Entrada gratuita hasta completar el aforo: <strong>recoger las invitaciones en<\/strong><br \/>\n\u00c1rea de Cultura del Ayuntamiento, C\/ Baja del Marqu\u00e9s (Palacio Marqu\u00e9s de Contadero)<br \/>\nDe lunes a viernes: 9 a 13 horas<\/p>\n<p>Retransmisi\u00f3n streaming por el canal Youtube del Museo<\/p>\n","protected":false},"author":2,"featured_media":10135,"menu_order":0,"comment_status":"closed","ping_status":"closed","template":"","meta":{"_acf_changed":false,"_et_pb_use_builder":"","_et_pb_old_content":"","_et_gb_content_width":""},"tags":[],"event_type":[80],"event_type_2":[75],"class_list":["post-10035","ajde_events","type-ajde_events","status-publish","has-post-thumbnail","hentry","event_location-museo-san-juan-de-la-cruz","event_type-ano-jubilar","event_type_2-insulas-extranas"],"acf":[],"yoast_head":"<!-- This site is optimized with the Yoast SEO plugin v27.5 - https:\/\/yoast.com\/product\/yoast-seo-wordpress\/ -->\n<title>Flamenco y San Juan de la Cruz - Museo, Casa de espiritualidad y toda la informaci\u00f3n y escritos de - San Juan de la Cruz. \u00dabeda.<\/title>\n<meta name=\"robots\" content=\"index, follow, max-snippet:-1, max-image-preview:large, max-video-preview:-1\" \/>\n<link rel=\"canonical\" href=\"https:\/\/www.sanjuandelacruzubeda.com\/en\/events\/flamenco-y-san-juan-de-la-cruz\/\" \/>\n<meta property=\"og:locale\" content=\"en_US\" \/>\n<meta property=\"og:type\" content=\"article\" \/>\n<meta property=\"og:title\" content=\"Flamenco y San Juan de la Cruz - Museo, Casa de espiritualidad y toda la informaci\u00f3n y escritos de - San Juan de la Cruz. \u00dabeda.\" \/>\n<meta property=\"og:description\" content=\"Dentro de la programaci\u00f3n del festival \u201cFlamencos y Mestizos\u201d, dirigido por Paco Ortega, la fil\u00f3sofa y escritora Nuria Barros impartir\u00e1 la conferencia San Juan de la Cruz en el Flamenco, acompa\u00f1ada por el guitarrista Jos\u00e9 Romero \u2018Torro\u2019 y la cantaora Bel\u00e9n Vega, para ir entrelazando la poes\u00eda del santo y la m\u00fasica flamenca, con los [&hellip;]\" \/>\n<meta property=\"og:url\" content=\"https:\/\/www.sanjuandelacruzubeda.com\/en\/events\/flamenco-y-san-juan-de-la-cruz\/\" \/>\n<meta property=\"og:site_name\" content=\"Museo, Casa de espiritualidad y toda la informaci\u00f3n y escritos de - San Juan de la Cruz. \u00dabeda.\" \/>\n<meta property=\"article:modified_time\" content=\"2026-03-20T22:33:29+00:00\" \/>\n<meta property=\"og:image\" content=\"https:\/\/www.sanjuandelacruzubeda.com\/wp-content\/uploads\/2026\/01\/WhatsApp-Image-2026-03-20-at-20.52.32.jpeg\" \/>\n\t<meta property=\"og:image:width\" content=\"1132\" \/>\n\t<meta property=\"og:image:height\" content=\"1600\" \/>\n\t<meta property=\"og:image:type\" content=\"image\/jpeg\" \/>\n<meta name=\"twitter:card\" content=\"summary_large_image\" \/>\n<meta name=\"twitter:label1\" content=\"Est. reading time\" \/>\n\t<meta name=\"twitter:data1\" content=\"1 minute\" \/>\n<script type=\"application\/ld+json\" class=\"yoast-schema-graph\">{\"@context\":\"https:\\\/\\\/schema.org\",\"@graph\":[{\"@type\":\"WebPage\",\"@id\":\"https:\\\/\\\/www.sanjuandelacruzubeda.com\\\/en\\\/events\\\/flamenco-y-san-juan-de-la-cruz\\\/\",\"url\":\"https:\\\/\\\/www.sanjuandelacruzubeda.com\\\/en\\\/events\\\/flamenco-y-san-juan-de-la-cruz\\\/\",\"name\":\"Flamenco y San Juan de la Cruz - Museo, Casa de espiritualidad y toda la informaci\u00f3n y escritos de - San Juan de la Cruz. \u00dabeda.\",\"isPartOf\":{\"@id\":\"https:\\\/\\\/www.sanjuandelacruzubeda.com\\\/en\\\/#website\"},\"primaryImageOfPage\":{\"@id\":\"https:\\\/\\\/www.sanjuandelacruzubeda.com\\\/en\\\/events\\\/flamenco-y-san-juan-de-la-cruz\\\/#primaryimage\"},\"image\":{\"@id\":\"https:\\\/\\\/www.sanjuandelacruzubeda.com\\\/en\\\/events\\\/flamenco-y-san-juan-de-la-cruz\\\/#primaryimage\"},\"thumbnailUrl\":\"https:\\\/\\\/www.sanjuandelacruzubeda.com\\\/wp-content\\\/uploads\\\/2026\\\/01\\\/WhatsApp-Image-2026-03-20-at-20.52.32.jpeg\",\"datePublished\":\"2026-01-31T12:26:23+00:00\",\"dateModified\":\"2026-03-20T22:33:29+00:00\",\"breadcrumb\":{\"@id\":\"https:\\\/\\\/www.sanjuandelacruzubeda.com\\\/en\\\/events\\\/flamenco-y-san-juan-de-la-cruz\\\/#breadcrumb\"},\"inLanguage\":\"en-US\",\"potentialAction\":[{\"@type\":\"ReadAction\",\"target\":[\"https:\\\/\\\/www.sanjuandelacruzubeda.com\\\/en\\\/events\\\/flamenco-y-san-juan-de-la-cruz\\\/\"]}]},{\"@type\":\"ImageObject\",\"inLanguage\":\"en-US\",\"@id\":\"https:\\\/\\\/www.sanjuandelacruzubeda.com\\\/en\\\/events\\\/flamenco-y-san-juan-de-la-cruz\\\/#primaryimage\",\"url\":\"https:\\\/\\\/www.sanjuandelacruzubeda.com\\\/wp-content\\\/uploads\\\/2026\\\/01\\\/WhatsApp-Image-2026-03-20-at-20.52.32.jpeg\",\"contentUrl\":\"https:\\\/\\\/www.sanjuandelacruzubeda.com\\\/wp-content\\\/uploads\\\/2026\\\/01\\\/WhatsApp-Image-2026-03-20-at-20.52.32.jpeg\",\"width\":1132,\"height\":1600},{\"@type\":\"BreadcrumbList\",\"@id\":\"https:\\\/\\\/www.sanjuandelacruzubeda.com\\\/en\\\/events\\\/flamenco-y-san-juan-de-la-cruz\\\/#breadcrumb\",\"itemListElement\":[{\"@type\":\"ListItem\",\"position\":1,\"name\":\"Inicio\",\"item\":\"https:\\\/\\\/www.sanjuandelacruzubeda.com\\\/en\\\/\"},{\"@type\":\"ListItem\",\"position\":2,\"name\":\"Events\",\"item\":\"https:\\\/\\\/www.sanjuandelacruzubeda.com\\\/en\\\/events\\\/\"},{\"@type\":\"ListItem\",\"position\":3,\"name\":\"Flamenco y San Juan de la Cruz\"}]},{\"@type\":\"WebSite\",\"@id\":\"https:\\\/\\\/www.sanjuandelacruzubeda.com\\\/en\\\/#website\",\"url\":\"https:\\\/\\\/www.sanjuandelacruzubeda.com\\\/en\\\/\",\"name\":\"Museo, Casa de espiritualidad y toda la informaci\u00f3n y escritos de - San Juan de la Cruz. \u00dabeda.\",\"description\":\"\",\"potentialAction\":[{\"@type\":\"SearchAction\",\"target\":{\"@type\":\"EntryPoint\",\"urlTemplate\":\"https:\\\/\\\/www.sanjuandelacruzubeda.com\\\/en\\\/?s={search_term_string}\"},\"query-input\":{\"@type\":\"PropertyValueSpecification\",\"valueRequired\":true,\"valueName\":\"search_term_string\"}}],\"inLanguage\":\"en-US\"}]}<\/script>\n<!-- \/ Yoast SEO plugin. -->","yoast_head_json":{"title":"Flamenco y San Juan de la Cruz - Museo, Casa de espiritualidad y toda la informaci\u00f3n y escritos de - San Juan de la Cruz. \u00dabeda.","robots":{"index":"index","follow":"follow","max-snippet":"max-snippet:-1","max-image-preview":"max-image-preview:large","max-video-preview":"max-video-preview:-1"},"canonical":"https:\/\/www.sanjuandelacruzubeda.com\/en\/events\/flamenco-y-san-juan-de-la-cruz\/","og_locale":"en_US","og_type":"article","og_title":"Flamenco y San Juan de la Cruz - Museo, Casa de espiritualidad y toda la informaci\u00f3n y escritos de - San Juan de la Cruz. \u00dabeda.","og_description":"Dentro de la programaci\u00f3n del festival \u201cFlamencos y Mestizos\u201d, dirigido por Paco Ortega, la fil\u00f3sofa y escritora Nuria Barros impartir\u00e1 la conferencia San Juan de la Cruz en el Flamenco, acompa\u00f1ada por el guitarrista Jos\u00e9 Romero \u2018Torro\u2019 y la cantaora Bel\u00e9n Vega, para ir entrelazando la poes\u00eda del santo y la m\u00fasica flamenca, con los [&hellip;]","og_url":"https:\/\/www.sanjuandelacruzubeda.com\/en\/events\/flamenco-y-san-juan-de-la-cruz\/","og_site_name":"Museo, Casa de espiritualidad y toda la informaci\u00f3n y escritos de - San Juan de la Cruz. \u00dabeda.","article_modified_time":"2026-03-20T22:33:29+00:00","og_image":[{"width":1132,"height":1600,"url":"https:\/\/www.sanjuandelacruzubeda.com\/wp-content\/uploads\/2026\/01\/WhatsApp-Image-2026-03-20-at-20.52.32.jpeg","type":"image\/jpeg"}],"twitter_card":"summary_large_image","twitter_misc":{"Est. reading time":"1 minute"},"schema":{"@context":"https:\/\/schema.org","@graph":[{"@type":"WebPage","@id":"https:\/\/www.sanjuandelacruzubeda.com\/en\/events\/flamenco-y-san-juan-de-la-cruz\/","url":"https:\/\/www.sanjuandelacruzubeda.com\/en\/events\/flamenco-y-san-juan-de-la-cruz\/","name":"Flamenco y San Juan de la Cruz - Museo, Casa de espiritualidad y toda la informaci\u00f3n y escritos de - San Juan de la Cruz. \u00dabeda.","isPartOf":{"@id":"https:\/\/www.sanjuandelacruzubeda.com\/en\/#website"},"primaryImageOfPage":{"@id":"https:\/\/www.sanjuandelacruzubeda.com\/en\/events\/flamenco-y-san-juan-de-la-cruz\/#primaryimage"},"image":{"@id":"https:\/\/www.sanjuandelacruzubeda.com\/en\/events\/flamenco-y-san-juan-de-la-cruz\/#primaryimage"},"thumbnailUrl":"https:\/\/www.sanjuandelacruzubeda.com\/wp-content\/uploads\/2026\/01\/WhatsApp-Image-2026-03-20-at-20.52.32.jpeg","datePublished":"2026-01-31T12:26:23+00:00","dateModified":"2026-03-20T22:33:29+00:00","breadcrumb":{"@id":"https:\/\/www.sanjuandelacruzubeda.com\/en\/events\/flamenco-y-san-juan-de-la-cruz\/#breadcrumb"},"inLanguage":"en-US","potentialAction":[{"@type":"ReadAction","target":["https:\/\/www.sanjuandelacruzubeda.com\/en\/events\/flamenco-y-san-juan-de-la-cruz\/"]}]},{"@type":"ImageObject","inLanguage":"en-US","@id":"https:\/\/www.sanjuandelacruzubeda.com\/en\/events\/flamenco-y-san-juan-de-la-cruz\/#primaryimage","url":"https:\/\/www.sanjuandelacruzubeda.com\/wp-content\/uploads\/2026\/01\/WhatsApp-Image-2026-03-20-at-20.52.32.jpeg","contentUrl":"https:\/\/www.sanjuandelacruzubeda.com\/wp-content\/uploads\/2026\/01\/WhatsApp-Image-2026-03-20-at-20.52.32.jpeg","width":1132,"height":1600},{"@type":"BreadcrumbList","@id":"https:\/\/www.sanjuandelacruzubeda.com\/en\/events\/flamenco-y-san-juan-de-la-cruz\/#breadcrumb","itemListElement":[{"@type":"ListItem","position":1,"name":"Inicio","item":"https:\/\/www.sanjuandelacruzubeda.com\/en\/"},{"@type":"ListItem","position":2,"name":"Events","item":"https:\/\/www.sanjuandelacruzubeda.com\/en\/events\/"},{"@type":"ListItem","position":3,"name":"Flamenco y San Juan de la Cruz"}]},{"@type":"WebSite","@id":"https:\/\/www.sanjuandelacruzubeda.com\/en\/#website","url":"https:\/\/www.sanjuandelacruzubeda.com\/en\/","name":"Museo, Casa de espiritualidad y toda la informaci\u00f3n y escritos de - San Juan de la Cruz. \u00dabeda.","description":"","potentialAction":[{"@type":"SearchAction","target":{"@type":"EntryPoint","urlTemplate":"https:\/\/www.sanjuandelacruzubeda.com\/en\/?s={search_term_string}"},"query-input":{"@type":"PropertyValueSpecification","valueRequired":true,"valueName":"search_term_string"}}],"inLanguage":"en-US"}]}},"_links":{"self":[{"href":"https:\/\/www.sanjuandelacruzubeda.com\/en\/wp-json\/wp\/v2\/ajde_events\/10035","targetHints":{"allow":["GET"]}}],"collection":[{"href":"https:\/\/www.sanjuandelacruzubeda.com\/en\/wp-json\/wp\/v2\/ajde_events"}],"about":[{"href":"https:\/\/www.sanjuandelacruzubeda.com\/en\/wp-json\/wp\/v2\/types\/ajde_events"}],"author":[{"embeddable":true,"href":"https:\/\/www.sanjuandelacruzubeda.com\/en\/wp-json\/wp\/v2\/users\/2"}],"replies":[{"embeddable":true,"href":"https:\/\/www.sanjuandelacruzubeda.com\/en\/wp-json\/wp\/v2\/comments?post=10035"}],"wp:featuredmedia":[{"embeddable":true,"href":"https:\/\/www.sanjuandelacruzubeda.com\/en\/wp-json\/wp\/v2\/media\/10135"}],"wp:attachment":[{"href":"https:\/\/www.sanjuandelacruzubeda.com\/en\/wp-json\/wp\/v2\/media?parent=10035"}],"wp:term":[{"taxonomy":"post_tag","embeddable":true,"href":"https:\/\/www.sanjuandelacruzubeda.com\/en\/wp-json\/wp\/v2\/tags?post=10035"},{"taxonomy":"event_type","embeddable":true,"href":"https:\/\/www.sanjuandelacruzubeda.com\/en\/wp-json\/wp\/v2\/event_type?post=10035"},{"taxonomy":"event_type_2","embeddable":true,"href":"https:\/\/www.sanjuandelacruzubeda.com\/en\/wp-json\/wp\/v2\/event_type_2?post=10035"}],"curies":[{"name":"wp","href":"https:\/\/api.w.org\/{rel}","templated":true}]}}

<p>Dentro de la programación del festival “Flamencos y Mestizos”, dirigido por Paco Ortega, la filósofa y escritora Nuria Barros impartirá la conferencia <strong>San Juan de la Cruz en el Flamenco</strong>, acompañada por el guitarrista José Romero ‘Torro’ y la cantaora Belén Vega, para ir entrelazando la poesía del santo y la música flamenca, con los episodios de su propia vida, “que se muestra ante nosotros como un increíble <em>via crucis</em>”, en palabras de la misma Nuria Barrios</p>
<p>Más información sobre los protagonistas: <a href="https://festivalesdeubeda.com/event/nuria-barrios/">NURÍA BARRIOS Conferencia San Juan de la Cruz en el Flamenco &#8211; Úbeda de Festivales</a></p>
<p>J<strong>ueves 7 de mayo de 2026 de las 21 a las 22:30 horas</strong><br />
Lugar: jardín del Convento y Museo San Juan de la Cruz<br />
Calle Carmen, 13 de Úbeda (Jaén)</p>
<p>Entrada gratuita hasta completar el aforo: <strong>recoger las invitaciones en</strong><br />
Área de Cultura del Ayuntamiento, C/ Baja del Marqués (Palacio Marqués de Contadero)<br />
De lunes a viernes: 9 a 13 horas</p>
<p>Retransmisión streaming por el canal Youtube del Museo</p>

<!-- This site is optimized with the Yoast SEO plugin v27.5 - https://yoast.com/product/yoast-seo-wordpress/ -->
<title>Flamenco y San Juan de la Cruz - Museo, Casa de espiritualidad y toda la información y escritos de - San Juan de la Cruz. Úbeda.</title>
<meta name="robots" content="index, follow, max-snippet:-1, max-image-preview:large, max-video-preview:-1" />
<link rel="canonical" href="https://www.sanjuandelacruzubeda.com/en/events/flamenco-y-san-juan-de-la-cruz/" />
<meta property="og:locale" content="en_US" />
<meta property="og:type" content="article" />
<meta property="og:title" content="Flamenco y San Juan de la Cruz - Museo, Casa de espiritualidad y toda la información y escritos de - San Juan de la Cruz. Úbeda." />
<meta property="og:description" content="Dentro de la programación del festival “Flamencos y Mestizos”, dirigido por Paco Ortega, la filósofa y escritora Nuria Barros impartirá la conferencia San Juan de la Cruz en el Flamenco, acompañada por el guitarrista José Romero ‘Torro’ y la cantaora Belén Vega, para ir entrelazando la poesía del santo y la música flamenca, con los [&hellip;]" />
<meta property="og:url" content="https://www.sanjuandelacruzubeda.com/en/events/flamenco-y-san-juan-de-la-cruz/" />
<meta property="og:site_name" content="Museo, Casa de espiritualidad y toda la información y escritos de - San Juan de la Cruz. Úbeda." />
<meta property="article:modified_time" content="2026-03-20T22:33:29+00:00" />
<meta property="og:image" content="https://www.sanjuandelacruzubeda.com/wp-content/uploads/2026/01/WhatsApp-Image-2026-03-20-at-20.52.32.jpeg" />
	<meta property="og:image:width" content="1132" />
	<meta property="og:image:height" content="1600" />
	<meta property="og:image:type" content="image/jpeg" />
<meta name="twitter:card" content="summary_large_image" />
<meta name="twitter:label1" content="Est. reading time" />
	<meta name="twitter:data1" content="1 minute" />
<script type="application/ld+json" class="yoast-schema-graph">{"@context":"https:\/\/schema.org","@graph":[{"@type":"WebPage","@id":"https:\/\/www.sanjuandelacruzubeda.com\/en\/events\/flamenco-y-san-juan-de-la-cruz\/","url":"https:\/\/www.sanjuandelacruzubeda.com\/en\/events\/flamenco-y-san-juan-de-la-cruz\/","name":"Flamenco y San Juan de la Cruz - Museo, Casa de espiritualidad y toda la información y escritos de - San Juan de la Cruz. Úbeda.","isPartOf":{"@id":"https:\/\/www.sanjuandelacruzubeda.com\/en\/#website"},"primaryImageOfPage":{"@id":"https:\/\/www.sanjuandelacruzubeda.com\/en\/events\/flamenco-y-san-juan-de-la-cruz\/#primaryimage"},"image":{"@id":"https:\/\/www.sanjuandelacruzubeda.com\/en\/events\/flamenco-y-san-juan-de-la-cruz\/#primaryimage"},"thumbnailUrl":"https:\/\/www.sanjuandelacruzubeda.com\/wp-content\/uploads\/2026\/01\/WhatsApp-Image-2026-03-20-at-20.52.32.jpeg","datePublished":"2026-01-31T12:26:23+00:00","dateModified":"2026-03-20T22:33:29+00:00","breadcrumb":{"@id":"https:\/\/www.sanjuandelacruzubeda.com\/en\/events\/flamenco-y-san-juan-de-la-cruz\/#breadcrumb"},"inLanguage":"en-US","potentialAction":[{"@type":"ReadAction","target":["https:\/\/www.sanjuandelacruzubeda.com\/en\/events\/flamenco-y-san-juan-de-la-cruz\/"]}]},{"@type":"ImageObject","inLanguage":"en-US","@id":"https:\/\/www.sanjuandelacruzubeda.com\/en\/events\/flamenco-y-san-juan-de-la-cruz\/#primaryimage","url":"https:\/\/www.sanjuandelacruzubeda.com\/wp-content\/uploads\/2026\/01\/WhatsApp-Image-2026-03-20-at-20.52.32.jpeg","contentUrl":"https:\/\/www.sanjuandelacruzubeda.com\/wp-content\/uploads\/2026\/01\/WhatsApp-Image-2026-03-20-at-20.52.32.jpeg","width":1132,"height":1600},{"@type":"BreadcrumbList","@id":"https:\/\/www.sanjuandelacruzubeda.com\/en\/events\/flamenco-y-san-juan-de-la-cruz\/#breadcrumb","itemListElement":[{"@type":"ListItem","position":1,"name":"Inicio","item":"https:\/\/www.sanjuandelacruzubeda.com\/en\/"},{"@type":"ListItem","position":2,"name":"Events","item":"https:\/\/www.sanjuandelacruzubeda.com\/en\/events\/"},{"@type":"ListItem","position":3,"name":"Flamenco y San Juan de la Cruz"}]},{"@type":"WebSite","@id":"https:\/\/www.sanjuandelacruzubeda.com\/en\/#website","url":"https:\/\/www.sanjuandelacruzubeda.com\/en\/","name":"Museo, Casa de espiritualidad y toda la información y escritos de - San Juan de la Cruz. Úbeda.","description":"","potentialAction":[{"@type":"SearchAction","target":{"@type":"EntryPoint","urlTemplate":"https:\/\/www.sanjuandelacruzubeda.com\/en\/?s={search_term_string}"},"query-input":{"@type":"PropertyValueSpecification","valueRequired":true,"valueName":"search_term_string"}}],"inLanguage":"en-US"}]}</script>
<!-- / Yoast SEO plugin. -->

Flamenco y San Juan de la Cruz - Museo, Casa de espiritualidad y toda la información y escritos de - San Juan de la Cruz. Úbeda.

Dentro de la programación del festival “Flamencos y Mestizos”, dirigido por Paco Ortega, la filósofa y escritora Nuria Barros impartirá la conferencia San Juan de la Cruz en el Flamenco, acompañada por el guitarrista José Romero ‘Torro’ y la cantaora Belén Vega, para ir entrelazando la poesía del santo y la música flamenca, con los [&hellip;]

Museo, Casa de espiritualidad y toda la información y escritos de - San Juan de la Cruz. Úbeda.
