{"version":"1.0","provider_name":"Museo, Casa de espiritualidad y toda la informaci\u00f3n y escritos de - San Juan de la Cruz. \u00dabeda.","provider_url":"https:\/\/www.sanjuandelacruzubeda.com\/en\/","author_name":"San Juan de la Cruz","author_url":"https:\/\/www.sanjuandelacruzubeda.com\/en\/author\/sjadmin\/","title":"A CANTAR MAITINES AL CIELO - Museo, Casa de espiritualidad y toda la informaci\u00f3n y escritos de - San Juan de la Cruz. \u00dabeda.","type":"rich","width":600,"height":338,"html":"<blockquote class=\"wp-embedded-content\" data-secret=\"B7dyav05tf\"><a href=\"https:\/\/www.sanjuandelacruzubeda.com\/en\/events\/a-cantar-maitines-al-cielo-3\/\">A CANTAR MAITINES AL CIELO<\/a><\/blockquote><iframe sandbox=\"allow-scripts\" security=\"restricted\" src=\"https:\/\/www.sanjuandelacruzubeda.com\/en\/events\/a-cantar-maitines-al-cielo-3\/embed\/#?secret=B7dyav05tf\" width=\"600\" height=\"338\" title=\"&#8220;A CANTAR MAITINES AL CIELO&#8221; &#8212; Museo, Casa de espiritualidad y toda la informaci\u00f3n y escritos de - San Juan de la Cruz. \u00dabeda.\" data-secret=\"B7dyav05tf\" frameborder=\"0\" marginwidth=\"0\" marginheight=\"0\" scrolling=\"no\" class=\"wp-embedded-content\"><\/iframe><script type=\"text\/javascript\">\n\/* <![CDATA[ *\/\n\/*! This file is auto-generated *\/\n!function(d,l){\"use strict\";l.querySelector&&d.addEventListener&&\"undefined\"!=typeof URL&&(d.wp=d.wp||{},d.wp.receiveEmbedMessage||(d.wp.receiveEmbedMessage=function(e){var t=e.data;if((t||t.secret||t.message||t.value)&&!\/[^a-zA-Z0-9]\/.test(t.secret)){for(var s,r,n,a=l.querySelectorAll('iframe[data-secret=\"'+t.secret+'\"]'),o=l.querySelectorAll('blockquote[data-secret=\"'+t.secret+'\"]'),c=new RegExp(\"^https?:$\",\"i\"),i=0;i<o.length;i++)o[i].style.display=\"none\";for(i=0;i<a.length;i++)s=a[i],e.source===s.contentWindow&&(s.removeAttribute(\"style\"),\"height\"===t.message?(1e3<(r=parseInt(t.value,10))?r=1e3:~~r<200&&(r=200),s.height=r):\"link\"===t.message&&(r=new URL(s.getAttribute(\"src\")),n=new URL(t.value),c.test(n.protocol))&&n.host===r.host&&l.activeElement===s&&(d.top.location.href=t.value))}},d.addEventListener(\"message\",d.wp.receiveEmbedMessage,!1),l.addEventListener(\"DOMContentLoaded\",function(){for(var e,t,s=l.querySelectorAll(\"iframe.wp-embedded-content\"),r=0;r<s.length;r++)(t=(e=s[r]).getAttribute(\"data-secret\"))||(t=Math.random().toString(36).substring(2,12),e.src+=\"#?secret=\"+t,e.setAttribute(\"data-secret\",t)),e.contentWindow.postMessage({message:\"ready\",secret:t},\"*\")},!1)))}(window,document);\n\/\/# sourceURL=https:\/\/www.sanjuandelacruzubeda.com\/wp-includes\/js\/wp-embed.min.js\n\/* ]]> *\/\n<\/script>\n","thumbnail_url":"https:\/\/www.sanjuandelacruzubeda.com\/wp-content\/uploads\/2024\/11\/maitines-1.jpg","thumbnail_width":1131,"thumbnail_height":1600,"description":"FECHA 13 de diciembre El d\u00eda 28 de septiembre de 1591 llega fray Juan de la Cruz al casi reci\u00e9n fundado convento de Carmelitas Descalzos de \u00dabeda, seg\u00fan \u00e9l mismo escribi\u00f3, para \u201ccurar de unas calenturillas\u201d. Aqu\u00ed permanecer\u00e1, en la m\u00e1s pobre celdilla, hasta el momento de su muerte. Es el encuentro definitivo con el [&hellip;]"}

Museo, Casa de espiritualidad y toda la información y escritos de - San Juan de la Cruz. Úbeda.

A CANTAR MAITINES AL CIELO - Museo, Casa de espiritualidad y toda la información y escritos de - San Juan de la Cruz. Úbeda.

<blockquote class="wp-embedded-content" data-secret="B7dyav05tf"><a href="https://www.sanjuandelacruzubeda.com/en/events/a-cantar-maitines-al-cielo-3/">A CANTAR MAITINES AL CIELO</a></blockquote><iframe sandbox="allow-scripts" security="restricted" src="https://www.sanjuandelacruzubeda.com/en/events/a-cantar-maitines-al-cielo-3/embed/#?secret=B7dyav05tf" width="600" height="338" title="&#8220;A CANTAR MAITINES AL CIELO&#8221; &#8212; Museo, Casa de espiritualidad y toda la información y escritos de - San Juan de la Cruz. Úbeda." data-secret="B7dyav05tf" frameborder="0" marginwidth="0" marginheight="0" scrolling="no" class="wp-embedded-content"></iframe><script type="text/javascript">
/* <![CDATA[ */
/*! This file is auto-generated */
!function(d,l){"use strict";l.querySelector&&d.addEventListener&&"undefined"!=typeof URL&&(d.wp=d.wp||{},d.wp.receiveEmbedMessage||(d.wp.receiveEmbedMessage=function(e){var t=e.data;if((t||t.secret||t.message||t.value)&&!/[^a-zA-Z0-9]/.test(t.secret)){for(var s,r,n,a=l.querySelectorAll('iframe[data-secret="'+t.secret+'"]'),o=l.querySelectorAll('blockquote[data-secret="'+t.secret+'"]'),c=new RegExp("^https?:$","i"),i=0;i<o.length;i++)o[i].style.display="none";for(i=0;i<a.length;i++)s=a[i],e.source===s.contentWindow&&(s.removeAttribute("style"),"height"===t.message?(1e3<(r=parseInt(t.value,10))?r=1e3:~~r<200&&(r=200),s.height=r):"link"===t.message&&(r=new URL(s.getAttribute("src")),n=new URL(t.value),c.test(n.protocol))&&n.host===r.host&&l.activeElement===s&&(d.top.location.href=t.value))}},d.addEventListener("message",d.wp.receiveEmbedMessage,!1),l.addEventListener("DOMContentLoaded",function(){for(var e,t,s=l.querySelectorAll("iframe.wp-embedded-content"),r=0;r<s.length;r++)(t=(e=s[r]).getAttribute("data-secret"))||(t=Math.random().toString(36).substring(2,12),e.src+="#?secret="+t,e.setAttribute("data-secret",t)),e.contentWindow.postMessage({message:"ready",secret:t},"*")},!1)))}(window,document);
//# sourceURL=https://www.sanjuandelacruzubeda.com/wp-includes/js/wp-embed.min.js
/* ]]> */
</script>

FECHA 13 de diciembre El día 28 de septiembre de 1591 llega fray Juan de la Cruz al casi recién fundado convento de Carmelitas Descalzos de Úbeda, según él mismo escribió, para “curar de unas calenturillas”. Aquí permanecerá, en la más pobre celdilla, hasta el momento de su muerte. Es el encuentro definitivo con el [&hellip;]
